Last updated on 2025-02-21 03:52:21 CET.
Flavor | Version | Tinstall | Tcheck | Ttotal | Status | Flags |
---|---|---|---|---|---|---|
r-devel-linux-x86_64-debian-clang | 1.4.2 | 2.17 | 23.03 | 25.20 | NOTE | |
r-devel-linux-x86_64-debian-gcc | 1.4.2 | 1.72 | 18.03 | 19.75 | NOTE | |
r-devel-linux-x86_64-fedora-clang | 1.4.2 | 39.99 | NOTE | |||
r-devel-linux-x86_64-fedora-gcc | 1.4.2 | 37.66 | NOTE | |||
r-devel-macos-arm64 | 1.4.2 | 27.00 | OK | |||
r-devel-macos-x86_64 | 1.4.2 | 29.00 | NOTE | |||
r-devel-windows-x86_64 | 1.4.2 | 4.00 | 44.00 | 48.00 | NOTE | |
r-patched-linux-x86_64 | 1.4.2 | 2.03 | 21.87 | 23.90 | OK | |
r-release-linux-x86_64 | 1.4.2 | 2.13 | 21.41 | 23.54 | OK | |
r-release-macos-arm64 | 1.4.2 | 17.00 | OK | |||
r-release-macos-x86_64 | 1.4.2 | 25.00 | OK | |||
r-release-windows-x86_64 | 1.4.2 | 4.00 | 44.00 | 48.00 | OK | |
r-oldrel-macos-arm64 | 1.4.2 | 27.00 | OK | |||
r-oldrel-macos-x86_64 | 1.4.2 | 33.00 | OK | |||
r-oldrel-windows-x86_64 | 1.4.2 | 4.00 | 75.00 | 79.00 | OK |
Version: 1.4.2
Check: DESCRIPTION meta-information
Result: NOTE
Missing dependency on R >= 4.1.0 because package code uses the pipe
|> or function shorthand \(...) syntax added in R 4.1.0.
File(s) using such syntax:
‘owid.R’
Flavors: r-devel-linux-x86_64-debian-clang, r-devel-linux-x86_64-debian-gcc, r-devel-linux-x86_64-fedora-clang, r-devel-linux-x86_64-fedora-gcc, r-devel-macos-x86_64, r-devel-windows-x86_64