Last updated on 2025-04-30 04:50:14 CEST.
Flavor | Version | Tinstall | Tcheck | Ttotal | Status | Flags |
---|---|---|---|---|---|---|
r-devel-linux-x86_64-debian-clang | 1.2 | 19.76 | 31.46 | 51.22 | NOTE | |
r-devel-linux-x86_64-debian-gcc | 1.2 | 13.36 | 23.07 | 36.43 | OK | |
r-devel-linux-x86_64-fedora-clang | 1.2 | 91.16 | OK | |||
r-devel-linux-x86_64-fedora-gcc | 1.2 | 81.91 | OK | |||
r-devel-windows-x86_64 | 1.2 | 24.00 | 77.00 | 101.00 | OK | |
r-patched-linux-x86_64 | 1.2 | 19.08 | 29.32 | 48.40 | OK | |
r-release-linux-x86_64 | 1.2 | 17.89 | 29.14 | 47.03 | OK | |
r-release-macos-arm64 | 1.2 | 32.00 | OK | |||
r-release-macos-x86_64 | 1.2 | 59.00 | OK | |||
r-release-windows-x86_64 | 1.2 | 24.00 | 73.00 | 97.00 | OK | |
r-oldrel-macos-arm64 | 1.2 | 31.00 | OK | |||
r-oldrel-macos-x86_64 | 1.2 | 53.00 | OK | |||
r-oldrel-windows-x86_64 | 1.2 | 27.00 | 83.00 | 110.00 | OK |
Version: 1.2
Check: examples
Result: NOTE
Examples with CPU (user + system) or elapsed time > 5s
user system elapsed
pool_av.S1.test 4.478 0.012 5.874
Flavor: r-devel-linux-x86_64-debian-clang