Last updated on 2025-04-30 04:50:14 CEST.
Flavor | Version | Tinstall | Tcheck | Ttotal | Status | Flags |
---|---|---|---|---|---|---|
r-devel-linux-x86_64-debian-clang | 0.3.5 | 8.64 | 81.44 | 90.08 | NOTE | |
r-devel-linux-x86_64-debian-gcc | 0.3.5 | 5.59 | 57.37 | 62.96 | NOTE | |
r-devel-linux-x86_64-fedora-clang | 0.3.5 | 132.12 | OK | |||
r-devel-linux-x86_64-fedora-gcc | 0.3.5 | 155.53 | OK | |||
r-devel-windows-x86_64 | 0.3.5 | 10.00 | 128.00 | 138.00 | OK | |
r-patched-linux-x86_64 | 0.3.5 | 8.24 | 76.00 | 84.24 | OK | |
r-release-linux-x86_64 | 0.3.5 | 7.67 | 77.15 | 84.82 | OK | |
r-release-macos-arm64 | 0.3.5 | 106.00 | OK | |||
r-release-macos-x86_64 | 0.3.5 | 141.00 | OK | |||
r-release-windows-x86_64 | 0.3.5 | 10.00 | 124.00 | 134.00 | OK | |
r-oldrel-macos-arm64 | 0.3.5 | 57.00 | OK | |||
r-oldrel-macos-x86_64 | 0.3.5 | 92.00 | OK | |||
r-oldrel-windows-x86_64 | 0.3.5 | 13.00 | 150.00 | 163.00 | OK |
Version: 0.3.5
Check: CRAN incoming feasibility
Result: NOTE
Maintainer: ‘Gangcai Xie <gcxiester@gmail.com>’
No Authors@R field in DESCRIPTION.
Please add one, modifying
Authors@R: person(given = "Gangcai",
family = "Xie",
role = c("aut", "cre"),
email = "gcxiester@gmail.com")
as necessary.
Flavors: r-devel-linux-x86_64-debian-clang, r-devel-linux-x86_64-debian-gcc
Version: 0.3.5
Check: examples
Result: NOTE
Examples with CPU (user + system) or elapsed time > 5s
user system elapsed
run_granger_test 4.545 0.011 5.750
module_networks 1.295 0.050 5.976
pGRN 0.957 0.027 7.494
plot_network 0.869 0.032 6.054
plot_network_i 0.103 0.001 5.022
get_dtw_dist_mat 0.082 0.016 5.576
run_dtw 0.063 0.001 5.648
matrix2adj 0.059 0.001 5.010
Flavor: r-devel-linux-x86_64-debian-clang