Last updated on 2025-07-05 04:50:22 CEST.
Flavor | Version | Tinstall | Tcheck | Ttotal | Status | Flags |
---|---|---|---|---|---|---|
r-devel-linux-x86_64-debian-clang | 0.3.5 | 8.31 | 80.03 | 88.34 | NOTE | |
r-devel-linux-x86_64-debian-gcc | 0.3.5 | 5.73 | 57.35 | 63.08 | NOTE | |
r-devel-linux-x86_64-fedora-clang | 0.3.5 | 138.01 | OK | |||
r-devel-linux-x86_64-fedora-gcc | 0.3.5 | 153.95 | OK | |||
r-devel-windows-x86_64 | 0.3.5 | 9.00 | 121.00 | 130.00 | OK | |
r-patched-linux-x86_64 | 0.3.5 | 7.90 | 76.62 | 84.52 | OK | |
r-release-linux-x86_64 | 0.3.5 | 7.85 | 75.90 | 83.75 | OK | |
r-release-macos-arm64 | 0.3.5 | 106.00 | OK | |||
r-release-macos-x86_64 | 0.3.5 | 141.00 | OK | |||
r-release-windows-x86_64 | 0.3.5 | 11.00 | 122.00 | 133.00 | OK | |
r-oldrel-macos-arm64 | 0.3.5 | 57.00 | OK | |||
r-oldrel-macos-x86_64 | 0.3.5 | 92.00 | OK | |||
r-oldrel-windows-x86_64 | 0.3.5 | 14.00 | 152.00 | 166.00 | OK |
Version: 0.3.5
Check: CRAN incoming feasibility
Result: NOTE
Maintainer: ‘Gangcai Xie <gcxiester@gmail.com>’
No Authors@R field in DESCRIPTION.
Please add one, modifying
Authors@R: person(given = "Gangcai",
family = "Xie",
role = c("aut", "cre"),
email = "gcxiester@gmail.com")
as necessary.
Flavors: r-devel-linux-x86_64-debian-clang, r-devel-linux-x86_64-debian-gcc