Last updated on 2025-04-30 04:50:15 CEST.
Flavor | Version | Tinstall | Tcheck | Ttotal | Status | Flags |
---|---|---|---|---|---|---|
r-devel-linux-x86_64-debian-clang | 1.0.2 | 1.99 | 44.91 | 46.90 | NOTE | |
r-devel-linux-x86_64-debian-gcc | 1.0.2 | 1.48 | 32.80 | 34.28 | NOTE | |
r-devel-linux-x86_64-fedora-clang | 1.0.2 | 74.83 | OK | |||
r-devel-linux-x86_64-fedora-gcc | 1.0.2 | 85.73 | OK | |||
r-devel-windows-x86_64 | 1.0.2 | 3.00 | 202.00 | 205.00 | OK | |
r-patched-linux-x86_64 | 1.0.2 | 2.20 | 42.03 | 44.23 | OK | |
r-release-linux-x86_64 | 1.0.2 | 1.93 | 42.38 | 44.31 | OK | |
r-release-macos-arm64 | 1.0.2 | 105.00 | OK | |||
r-release-macos-x86_64 | 1.0.2 | 288.00 | OK | |||
r-release-windows-x86_64 | 1.0.2 | 3.00 | 199.00 | 202.00 | OK | |
r-oldrel-macos-arm64 | 1.0.2 | 108.00 | OK | |||
r-oldrel-macos-x86_64 | 1.0.2 | 163.00 | OK | |||
r-oldrel-windows-x86_64 | 1.0.2 | 3.00 | 271.00 | 274.00 | OK |
Version: 1.0.2
Check: CRAN incoming feasibility
Result: NOTE
Maintainer: ‘Peter DeWitt <peter.dewitt@cuanschutz.edu>’
Package CITATION file contains call(s) to old-style citEntry(). Please
use bibentry() instead.
Flavors: r-devel-linux-x86_64-debian-clang, r-devel-linux-x86_64-debian-gcc