Last updated on 2025-04-30 04:50:13 CEST.
Flavor | Version | Tinstall | Tcheck | Ttotal | Status | Flags |
---|---|---|---|---|---|---|
r-devel-linux-x86_64-debian-clang | 1.0.1 | 3.33 | 75.68 | 79.01 | NOTE | |
r-devel-linux-x86_64-debian-gcc | 1.0.1 | 2.36 | 55.29 | 57.65 | NOTE | |
r-devel-linux-x86_64-fedora-clang | 1.0.1 | 129.89 | OK | |||
r-devel-linux-x86_64-fedora-gcc | 1.0.1 | 139.15 | OK | |||
r-devel-windows-x86_64 | 1.0.1 | 5.00 | 108.00 | 113.00 | OK | |
r-patched-linux-x86_64 | 1.0.1 | 3.04 | 71.89 | 74.93 | OK | |
r-release-linux-x86_64 | 1.0.1 | 3.27 | 72.01 | 75.28 | OK | |
r-release-macos-arm64 | 1.0.1 | 43.00 | OK | |||
r-release-macos-x86_64 | 1.0.1 | 85.00 | OK | |||
r-release-windows-x86_64 | 1.0.1 | 6.00 | 106.00 | 112.00 | OK | |
r-oldrel-macos-arm64 | 1.0.1 | 44.00 | OK | |||
r-oldrel-macos-x86_64 | 1.0.1 | 110.00 | OK | |||
r-oldrel-windows-x86_64 | 1.0.1 | 6.00 | 114.00 | 120.00 | OK |
Version: 1.0.1
Check: examples
Result: NOTE
Examples with CPU (user + system) or elapsed time > 5s
user system elapsed
compare_zone 7.008 0.11 9.313
Flavor: r-devel-linux-x86_64-debian-clang
Version: 1.0.1
Check: examples
Result: NOTE
Examples with CPU (user + system) or elapsed time > 5s
user system elapsed
compare_zone 4.626 0.144 5.22
Flavor: r-devel-linux-x86_64-debian-gcc