Last updated on 2025-02-21 03:52:21 CET.
Flavor | Version | Tinstall | Tcheck | Ttotal | Status | Flags |
---|---|---|---|---|---|---|
r-devel-linux-x86_64-debian-clang | 0.4.2 | 2.03 | 24.39 | 26.42 | NOTE | |
r-devel-linux-x86_64-debian-gcc | 0.4.2 | 1.66 | 18.70 | 20.36 | NOTE | |
r-devel-linux-x86_64-fedora-clang | 0.4.2 | 40.70 | NOTE | |||
r-devel-linux-x86_64-fedora-gcc | 0.4.2 | 38.37 | NOTE | |||
r-devel-macos-arm64 | 0.4.2 | 21.00 | NOTE | |||
r-devel-macos-x86_64 | 0.4.2 | 35.00 | NOTE | |||
r-devel-windows-x86_64 | 0.4.2 | 4.00 | 46.00 | 50.00 | NOTE | |
r-patched-linux-x86_64 | 0.4.2 | 1.95 | 22.50 | 24.45 | NOTE | |
r-release-linux-x86_64 | 0.4.2 | 1.79 | 22.55 | 24.34 | NOTE | |
r-release-macos-arm64 | 0.4.2 | 18.00 | NOTE | |||
r-release-macos-x86_64 | 0.4.2 | 23.00 | NOTE | |||
r-release-windows-x86_64 | 0.4.2 | 4.00 | 44.00 | 48.00 | NOTE | |
r-oldrel-macos-arm64 | 0.4.2 | 18.00 | NOTE | |||
r-oldrel-macos-x86_64 | 0.4.2 | 24.00 | NOTE | |||
r-oldrel-windows-x86_64 | 0.4.2 | 4.00 | 47.00 | 51.00 | NOTE |
Version: 0.4.2
Check: Rd files
Result: NOTE
checkRd: (-1) residuals_paco.Rd:10: Escaped LaTeX specials: \$
Flavors: r-devel-linux-x86_64-debian-clang, r-devel-linux-x86_64-debian-gcc, r-devel-linux-x86_64-fedora-clang, r-devel-linux-x86_64-fedora-gcc, r-devel-macos-arm64, r-devel-macos-x86_64, r-devel-windows-x86_64, r-patched-linux-x86_64, r-release-linux-x86_64, r-release-macos-arm64, r-release-macos-x86_64, r-release-windows-x86_64, r-oldrel-macos-arm64, r-oldrel-macos-x86_64, r-oldrel-windows-x86_64
Version: 0.4.2
Check: dependencies in R code
Result: NOTE
Namespace in Imports field not imported from: ‘ape’
All declared Imports should be used.
Flavors: r-devel-linux-x86_64-fedora-clang, r-devel-linux-x86_64-fedora-gcc