CRAN Package Check Results for Package pafdR

Last updated on 2025-04-30 04:50:13 CEST.

Flavor Version Tinstall Tcheck Ttotal Status Flags
r-devel-linux-x86_64-debian-clang 1.0 2.72 31.74 34.46 OK
r-devel-linux-x86_64-debian-gcc 1.0 2.55 24.96 27.51 OK
r-devel-linux-x86_64-fedora-clang 1.0 58.26 OK
r-devel-linux-x86_64-fedora-gcc 1.0 68.09 OK
r-devel-windows-x86_64 1.0 5.00 58.00 63.00 OK
r-patched-linux-x86_64 1.0 2.85 30.33 33.18 OK
r-release-linux-x86_64 1.0 3.09 30.13 33.22 OK
r-release-macos-arm64 1.0 38.00 OK
r-release-macos-x86_64 1.0 52.00 OK
r-release-windows-x86_64 1.0 5.00 56.00 61.00 OK
r-oldrel-macos-arm64 1.0 27.00 NOTE
r-oldrel-macos-x86_64 1.0 40.00 NOTE
r-oldrel-windows-x86_64 1.0 5.00 60.00 65.00 NOTE

Check Details

Version: 1.0
Check: LazyData
Result: NOTE 'LazyData' is specified without a 'data' directory Flavors: r-oldrel-macos-arm64, r-oldrel-macos-x86_64, r-oldrel-windows-x86_64