CRAN Package Check Results for Package painbow

Last updated on 2025-04-30 04:50:13 CEST.

Flavor Version Tinstall Tcheck Ttotal Status Flags
r-devel-linux-x86_64-debian-clang 1.0.1 1.80 21.28 23.08 NOTE
r-devel-linux-x86_64-debian-gcc 1.0.1 1.43 17.26 18.69 NOTE
r-devel-linux-x86_64-fedora-clang 1.0.1 34.17 OK
r-devel-linux-x86_64-fedora-gcc 1.0.1 33.18 OK
r-devel-windows-x86_64 1.0.1 4.00 46.00 50.00 OK
r-patched-linux-x86_64 1.0.1 1.93 19.60 21.53 OK
r-release-linux-x86_64 1.0.1 1.87 19.23 21.10 OK
r-release-macos-arm64 1.0.1 17.00 OK
r-release-macos-x86_64 1.0.1 25.00 OK
r-release-windows-x86_64 1.0.1 4.00 43.00 47.00 OK
r-oldrel-macos-arm64 1.0.1 16.00 OK
r-oldrel-macos-x86_64 1.0.1 21.00 OK
r-oldrel-windows-x86_64 1.0.1 4.00 44.00 48.00 OK

Check Details

Version: 1.0.1
Check: CRAN incoming feasibility
Result: NOTE Maintainer: ‘Steve Haroz <painbow@steveharoz.com>’ No Authors@R field in DESCRIPTION. Please add one, modifying Authors@R: person(given = "Steve", family = "Haroz", role = c("aut", "cre"), email = "painbow@steveharoz.com") as necessary. The BugReports field in DESCRIPTION has https://github.com/steveharoz/painbow/issues/new which should likely be https://github.com/steveharoz/painbow/issues/new/issues instead. Flavors: r-devel-linux-x86_64-debian-clang, r-devel-linux-x86_64-debian-gcc