Last updated on 2025-04-30 04:50:13 CEST.
Flavor | Version | Tinstall | Tcheck | Ttotal | Status | Flags |
---|---|---|---|---|---|---|
r-devel-linux-x86_64-debian-clang | 0.8.0.2 | 159.79 | 57.21 | 217.00 | OK | |
r-devel-linux-x86_64-debian-gcc | 0.8.0.2 | 119.69 | 42.15 | 161.84 | OK | |
r-devel-linux-x86_64-fedora-clang | 0.8.0.2 | 342.04 | OK | |||
r-devel-linux-x86_64-fedora-gcc | 0.8.0.2 | 367.16 | OK | |||
r-devel-windows-x86_64 | 0.8.0.2 | 408.00 | 86.00 | 494.00 | OK | |
r-patched-linux-x86_64 | 0.8.0.2 | 168.27 | 52.71 | 220.98 | OK | |
r-release-linux-x86_64 | 0.8.0.2 | 163.51 | 52.74 | 216.25 | OK | |
r-release-macos-arm64 | 0.8.0.2 | 142.00 | OK | |||
r-release-macos-x86_64 | 0.8.0.2 | 282.00 | OK | |||
r-release-windows-x86_64 | 0.8.0.2 | 418.00 | 84.00 | 502.00 | OK | |
r-oldrel-macos-arm64 | 0.8.0.2 | 131.00 | NOTE | |||
r-oldrel-macos-x86_64 | 0.8.0.2 | 330.00 | NOTE | |||
r-oldrel-windows-x86_64 | 0.8.0.2 | 436.00 | 91.00 | 527.00 | NOTE |
Version: 0.8.0.2
Check: installed package size
Result: NOTE
installed size is 9.6Mb
sub-directories of 1Mb or more:
library 8.7Mb
Flavors: r-oldrel-macos-arm64, r-oldrel-macos-x86_64, r-oldrel-windows-x86_64