Last updated on 2025-04-30 04:50:13 CEST.
Flavor | Version | Tinstall | Tcheck | Ttotal | Status | Flags |
---|---|---|---|---|---|---|
r-devel-linux-x86_64-debian-clang | 1.0.0 | 6.06 | 63.14 | 69.20 | OK | |
r-devel-linux-x86_64-debian-gcc | 1.0.0 | 5.01 | 47.42 | 52.43 | OK | |
r-devel-linux-x86_64-fedora-clang | 1.0.0 | 117.81 | OK | |||
r-devel-linux-x86_64-fedora-gcc | 1.0.0 | 125.50 | OK | |||
r-devel-windows-x86_64 | 1.0.0 | 8.00 | 82.00 | 90.00 | OK | |
r-patched-linux-x86_64 | 1.0.0 | 6.07 | 59.11 | 65.18 | OK | |
r-release-linux-x86_64 | 1.0.0 | 6.57 | 59.58 | 66.15 | OK | |
r-release-macos-arm64 | 1.0.0 | 54.00 | OK | |||
r-release-macos-x86_64 | 1.0.0 | 90.00 | OK | |||
r-release-windows-x86_64 | 1.0.0 | 8.00 | 82.00 | 90.00 | OK | |
r-oldrel-macos-arm64 | 1.0.0 | 60.00 | NOTE | |||
r-oldrel-macos-x86_64 | 1.0.0 | 99.00 | NOTE | |||
r-oldrel-windows-x86_64 | 1.0.0 | 10.00 | 89.00 | 99.00 | NOTE |
Version: 1.0.0
Check: package dependencies
Result: NOTE
Package suggested but not available for checking: ‘CorShrink’
Flavors: r-oldrel-macos-arm64, r-oldrel-macos-x86_64, r-oldrel-windows-x86_64