Last updated on 2025-04-30 04:50:13 CEST.
Flavor | Version | Tinstall | Tcheck | Ttotal | Status | Flags |
---|---|---|---|---|---|---|
r-devel-linux-x86_64-debian-clang | 1.1.0 | 4.76 | 129.08 | 133.84 | NOTE | |
r-devel-linux-x86_64-debian-gcc | 1.1.0 | 3.86 | 82.17 | 86.03 | NOTE | |
r-devel-linux-x86_64-fedora-clang | 1.1.0 | 199.73 | OK | |||
r-devel-linux-x86_64-fedora-gcc | 1.1.0 | 199.05 | OK | |||
r-devel-windows-x86_64 | 1.1.0 | 6.00 | 121.00 | 127.00 | OK | |
r-patched-linux-x86_64 | 1.1.0 | 5.53 | 124.30 | 129.83 | OK | |
r-release-linux-x86_64 | 1.1.0 | 4.22 | 125.11 | 129.33 | OK | |
r-release-macos-arm64 | 1.1.0 | 59.00 | OK | |||
r-release-macos-x86_64 | 1.1.0 | 100.00 | OK | |||
r-release-windows-x86_64 | 1.1.0 | 5.00 | 118.00 | 123.00 | OK | |
r-oldrel-macos-arm64 | 1.1.0 | 51.00 | OK | |||
r-oldrel-macos-x86_64 | 1.1.0 | 200.00 | OK | |||
r-oldrel-windows-x86_64 | 1.1.0 | 6.00 | 147.00 | 153.00 | OK |
Version: 1.1.0
Check: examples
Result: NOTE
Examples with CPU (user + system) or elapsed time > 5s
user system elapsed
var.rate.div 12.401 0.000 14.516
bd.sim 10.182 0.060 12.696
bd.sim.traits 8.995 0.008 12.322
sample.clade 7.530 0.016 8.933
Flavor: r-devel-linux-x86_64-debian-clang
Version: 1.1.0
Check: examples
Result: NOTE
Examples with CPU (user + system) or elapsed time > 5s
user system elapsed
var.rate.div 6.091 0.000 7.795
bd.sim 4.923 0.059 6.703
bd.sim.traits 4.330 0.013 5.267
Flavor: r-devel-linux-x86_64-debian-gcc