CRAN Package Check Results for Package paleopop

Last updated on 2025-04-30 04:50:13 CEST.

Flavor Version Tinstall Tcheck Ttotal Status Flags
r-devel-linux-x86_64-debian-clang 2.1.7 43.28 415.68 458.96 OK
r-devel-linux-x86_64-debian-gcc 2.1.7 31.85 278.80 310.65 OK
r-devel-linux-x86_64-fedora-clang 2.1.7 715.39 OK
r-devel-linux-x86_64-fedora-gcc 2.1.7 654.94 ERROR
r-devel-windows-x86_64 2.1.7 42.00 392.00 434.00 OK
r-patched-linux-x86_64 2.1.7 45.76 388.53 434.29 OK
r-release-linux-x86_64 2.1.7 41.42 395.02 436.44 OK
r-release-macos-arm64 2.1.7 198.00 OK
r-release-macos-x86_64 2.1.7 440.00 OK
r-release-windows-x86_64 2.1.7 41.00 384.00 425.00 OK
r-oldrel-macos-arm64 2.1.7 182.00 OK
r-oldrel-macos-x86_64 2.1.7 447.00 NOTE
r-oldrel-windows-x86_64 2.1.7 56.00 510.00 566.00 OK

Check Details

Version: 2.1.7
Check: re-building of vignette outputs
Result: ERROR Error(s) in re-building vignettes: --- re-building ‘bison_example.Rmd’ using rmarkdown Flavor: r-devel-linux-x86_64-fedora-gcc

Version: 2.1.7
Check: installed package size
Result: NOTE installed size is 5.2Mb sub-directories of 1Mb or more: data 4.5Mb Flavor: r-oldrel-macos-x86_64