Last updated on 2025-04-30 04:50:13 CEST.
Flavor | Version | Tinstall | Tcheck | Ttotal | Status | Flags |
---|---|---|---|---|---|---|
r-devel-linux-x86_64-debian-clang | 3.4.7 | 25.80 | 341.08 | 366.88 | NOTE | |
r-devel-linux-x86_64-debian-gcc | 3.4.7 | 16.04 | 206.80 | 222.84 | NOTE | |
r-devel-linux-x86_64-fedora-clang | 3.4.7 | 587.06 | OK | |||
r-devel-linux-x86_64-fedora-gcc | 3.4.7 | 552.78 | OK | |||
r-devel-windows-x86_64 | 3.4.7 | 26.00 | 310.00 | 336.00 | OK | |
r-patched-linux-x86_64 | 3.4.7 | 27.23 | 316.73 | 343.96 | OK | |
r-release-linux-x86_64 | 3.4.7 | 25.27 | 315.00 | 340.27 | OK | |
r-release-macos-arm64 | 3.4.7 | 133.00 | OK | |||
r-release-macos-x86_64 | 3.4.7 | 324.00 | OK | |||
r-release-windows-x86_64 | 3.4.7 | 27.00 | 309.00 | 336.00 | OK | |
r-oldrel-macos-arm64 | 3.4.7 | 128.00 | OK | |||
r-oldrel-macos-x86_64 | 3.4.7 | 379.00 | OK | |||
r-oldrel-windows-x86_64 | 3.4.7 | 31.00 | 416.00 | 447.00 | OK |
Version: 3.4.7
Check: CRAN incoming feasibility
Result: NOTE
Maintainer: ‘David W. Bapst <dwbapst@gmail.com>’
No Authors@R field in DESCRIPTION.
Please add one, modifying
Authors@R: c(person(given = c("David", "W."),
family = "Bapst",
role = c("aut", "cre"),
email = "dwbapst@gmail.com"),
person(given = c("Peter", "J."),
family = "Wagner",
role = "aut"))
as necessary.
Flavors: r-devel-linux-x86_64-debian-clang, r-devel-linux-x86_64-debian-gcc
Version: 3.4.7
Check: examples
Result: NOTE
Examples with CPU (user + system) or elapsed time > 5s
user system elapsed
termTaxa 7.154 0.032 10.404
taxa2phylo 6.256 0.069 9.760
sampleRanges 5.760 0.055 9.928
compareTimescaling 5.122 0.086 8.021
DiversityCurves 5.116 0.036 6.385
occData2timeList 4.454 0.036 5.260
Flavor: r-devel-linux-x86_64-debian-clang
Version: 3.4.7
Check: examples
Result: NOTE
Examples with CPU (user + system) or elapsed time > 5s
user system elapsed
termTaxa 4.247 0.019 5.161
Flavor: r-devel-linux-x86_64-debian-gcc