Last updated on 2025-04-30 04:50:13 CEST.
Flavor | Version | Tinstall | Tcheck | Ttotal | Status | Flags |
---|---|---|---|---|---|---|
r-devel-linux-x86_64-debian-clang | 0.2.1 | 4.65 | 86.18 | 90.83 | NOTE | |
r-devel-linux-x86_64-debian-gcc | 0.2.1 | 3.03 | 62.03 | 65.06 | OK | |
r-devel-linux-x86_64-fedora-clang | 0.2.1 | 146.92 | OK | |||
r-devel-linux-x86_64-fedora-gcc | 0.2.1 | 153.10 | OK | |||
r-devel-windows-x86_64 | 0.2.1 | 6.00 | 98.00 | 104.00 | OK | |
r-patched-linux-x86_64 | 0.2.1 | 4.86 | 80.83 | 85.69 | OK | |
r-release-linux-x86_64 | 0.2.1 | 4.47 | 80.99 | 85.46 | OK | |
r-release-macos-arm64 | 0.2.1 | 50.00 | OK | |||
r-release-macos-x86_64 | 0.2.1 | 94.00 | OK | |||
r-release-windows-x86_64 | 0.2.1 | 7.00 | 105.00 | 112.00 | OK | |
r-oldrel-macos-arm64 | 0.2.1 | 57.00 | OK | |||
r-oldrel-macos-x86_64 | 0.2.1 | 108.00 | OK | |||
r-oldrel-windows-x86_64 | 0.2.1 | 8.00 | 123.00 | 131.00 | OK |
Version: 0.2.1
Check: examples
Result: NOTE
Examples with CPU (user + system) or elapsed time > 5s
user system elapsed
met_palettes 5.773 0.039 6.539
Flavor: r-devel-linux-x86_64-debian-clang