CRAN Package Check Results for Package palm

Last updated on 2025-04-30 04:50:13 CEST.

Flavor Version Tinstall Tcheck Ttotal Status Flags
r-devel-linux-x86_64-debian-clang 1.1.5 21.64 54.63 76.27 NOTE
r-devel-linux-x86_64-debian-gcc 1.1.5 14.26 37.99 52.25 NOTE
r-devel-linux-x86_64-fedora-clang 1.1.5 132.39 OK
r-devel-linux-x86_64-fedora-gcc 1.1.5 122.94 OK
r-devel-windows-x86_64 1.1.5 27.00 103.00 130.00 NOTE
r-patched-linux-x86_64 1.1.5 21.28 58.01 79.29 NOTE
r-release-linux-x86_64 1.1.5 20.11 58.11 78.22 NOTE
r-release-macos-arm64 1.1.5 37.00 OK
r-release-macos-x86_64 1.1.5 58.00 OK
r-release-windows-x86_64 1.1.5 28.00 102.00 130.00 NOTE
r-oldrel-macos-arm64 1.1.5 34.00 OK
r-oldrel-macos-x86_64 1.1.5 45.00 OK
r-oldrel-windows-x86_64 1.1.5 29.00 117.00 146.00 OK

Check Details

Version: 1.1.5
Check: CRAN incoming feasibility
Result: NOTE Maintainer: ‘Ben Stevenson <ben.stevenson@auckland.ac.nz>’ No Authors@R field in DESCRIPTION. Please add one, modifying Authors@R: person(given = "Ben", family = "Stevenson", role = c("aut", "cre"), email = "ben.stevenson@auckland.ac.nz") as necessary. Flavors: r-devel-linux-x86_64-debian-clang, r-devel-linux-x86_64-debian-gcc

Version: 1.1.5
Check: Rd cross-references
Result: NOTE Found the following Rd file(s) with Rd \link{} targets missing package anchors: confint.palm.Rd: boot fit.ns.Rd: bobyqa fit.void.Rd: bobyqa Please provide package anchors for all Rd \link{} targets not in the package itself and the base packages. Flavors: r-devel-linux-x86_64-debian-clang, r-devel-linux-x86_64-debian-gcc, r-devel-windows-x86_64, r-patched-linux-x86_64, r-release-linux-x86_64, r-release-windows-x86_64

Version: 1.1.5
Check: examples
Result: NOTE Examples with CPU (user + system) or elapsed time > 5s user system elapsed boot.palm 6.179 0.055 8.05 confint.palm 5.662 0.025 8.24 Flavor: r-devel-linux-x86_64-debian-clang