Last updated on 2025-02-21 03:52:21 CET.
Flavor | Version | Tinstall | Tcheck | Ttotal | Status | Flags |
---|---|---|---|---|---|---|
r-devel-linux-x86_64-debian-clang | 1.1.5 | 19.20 | 53.82 | 73.02 | NOTE | |
r-devel-linux-x86_64-debian-gcc | 1.1.5 | 14.57 | 37.25 | 51.82 | NOTE | |
r-devel-linux-x86_64-fedora-clang | 1.1.5 | 129.29 | OK | |||
r-devel-linux-x86_64-fedora-gcc | 1.1.5 | 121.37 | OK | |||
r-devel-macos-arm64 | 1.1.5 | 31.00 | OK | |||
r-devel-macos-x86_64 | 1.1.5 | 50.00 | OK | |||
r-devel-windows-x86_64 | 1.1.5 | 25.00 | 99.00 | 124.00 | NOTE | |
r-patched-linux-x86_64 | 1.1.5 | 22.26 | 56.87 | 79.13 | OK | |
r-release-linux-x86_64 | 1.1.5 | 20.70 | 57.09 | 77.79 | OK | |
r-release-macos-arm64 | 1.1.5 | 34.00 | OK | |||
r-release-macos-x86_64 | 1.1.5 | 45.00 | OK | |||
r-release-windows-x86_64 | 1.1.5 | 25.00 | 95.00 | 120.00 | OK | |
r-oldrel-macos-arm64 | 1.1.5 | 37.00 | OK | |||
r-oldrel-macos-x86_64 | 1.1.5 | 90.00 | OK | |||
r-oldrel-windows-x86_64 | 1.1.5 | 30.00 | 113.00 | 143.00 | OK |
Version: 1.1.5
Check: Rd cross-references
Result: NOTE
Found the following Rd file(s) with Rd \link{} targets missing package
anchors:
confint.palm.Rd: boot
fit.ns.Rd: bobyqa
fit.void.Rd: bobyqa
Please provide package anchors for all Rd \link{} targets not in the
package itself and the base packages.
Flavors: r-devel-linux-x86_64-debian-clang, r-devel-linux-x86_64-debian-gcc, r-devel-windows-x86_64