Last updated on 2025-04-30 04:50:13 CEST.
Flavor | Version | Tinstall | Tcheck | Ttotal | Status | Flags |
---|---|---|---|---|---|---|
r-devel-linux-x86_64-debian-clang | 0.1.1 | 1.88 | 20.50 | 22.38 | NOTE | |
r-devel-linux-x86_64-debian-gcc | 0.1.1 | 1.43 | 16.70 | 18.13 | NOTE | |
r-devel-linux-x86_64-fedora-clang | 0.1.1 | 33.70 | OK | |||
r-devel-linux-x86_64-fedora-gcc | 0.1.1 | 31.53 | OK | |||
r-devel-windows-x86_64 | 0.1.1 | 4.00 | 46.00 | 50.00 | OK | |
r-patched-linux-x86_64 | 0.1.1 | 1.93 | 18.49 | 20.42 | OK | |
r-release-linux-x86_64 | 0.1.1 | 1.77 | 18.44 | 20.21 | OK | |
r-release-macos-arm64 | 0.1.1 | 16.00 | OK | |||
r-release-macos-x86_64 | 0.1.1 | 32.00 | OK | |||
r-release-windows-x86_64 | 0.1.1 | 5.00 | 44.00 | 49.00 | OK | |
r-oldrel-macos-arm64 | 0.1.1 | 22.00 | OK | |||
r-oldrel-macos-x86_64 | 0.1.1 | 20.00 | OK | |||
r-oldrel-windows-x86_64 | 0.1.1 | 4.00 | 42.00 | 46.00 | OK |
Version: 0.1.1
Check: CRAN incoming feasibility
Result: NOTE
Maintainer: ‘Allison Horst <ahorst@ucsb.edu>’
Package CITATION file contains call(s) to old-style citEntry(). Please
use bibentry() instead.
Flavors: r-devel-linux-x86_64-debian-clang, r-devel-linux-x86_64-debian-gcc