Last updated on 2025-04-30 04:50:13 CEST.
Flavor | Version | Tinstall | Tcheck | Ttotal | Status | Flags |
---|---|---|---|---|---|---|
r-devel-linux-x86_64-debian-clang | 1.1.2 | 6.67 | 606.91 | 613.58 | NOTE | |
r-devel-linux-x86_64-debian-gcc | 1.1.2 | 5.10 | 423.45 | 428.55 | NOTE | |
r-devel-linux-x86_64-fedora-clang | 1.1.2 | 973.55 | OK | |||
r-devel-linux-x86_64-fedora-gcc | 1.1.2 | 1021.57 | OK | |||
r-devel-windows-x86_64 | 1.1.2 | 9.00 | 641.00 | 650.00 | OK | |
r-patched-linux-x86_64 | 1.1.2 | 5.76 | 604.47 | 610.23 | OK | |
r-release-linux-x86_64 | 1.1.2 | 6.58 | 611.58 | 618.16 | OK | |
r-release-macos-arm64 | 1.1.2 | 304.00 | OK | |||
r-release-macos-x86_64 | 1.1.2 | 413.00 | OK | |||
r-release-windows-x86_64 | 1.1.2 | 10.00 | 647.00 | 657.00 | OK | |
r-oldrel-macos-arm64 | 1.1.2 | 230.00 | NOTE | |||
r-oldrel-macos-x86_64 | 1.1.2 | 383.00 | NOTE | |||
r-oldrel-windows-x86_64 | 1.1.2 | 11.00 | 850.00 | 861.00 | OK |
Version: 1.1.2
Check: examples
Result: NOTE
Examples with CPU (user + system) or elapsed time > 5s
user system elapsed
importMicrobiotaProcess 10.720 0.433 18.125
assessModelQuality 7.358 0.150 10.245
assessModelStability 5.100 0.187 7.300
Flavor: r-devel-linux-x86_64-debian-clang
Version: 1.1.2
Check: examples
Result: NOTE
Examples with CPU (user + system) or elapsed time > 5s
user system elapsed
importMicrobiotaProcess 7.265 0.523 10.376
assessModelQuality 4.389 0.175 5.242
Flavor: r-devel-linux-x86_64-debian-gcc
Version: 1.1.2
Check: package dependencies
Result: NOTE
Package suggested but not available for checking: ‘MicrobiotaProcess’
Flavor: r-oldrel-macos-arm64
Version: 1.1.2
Check: package dependencies
Result: NOTE
Packages suggested but not available for checking:
'MicrobiotaProcess', 'TreeSummarizedExperiment'
Flavor: r-oldrel-macos-x86_64