Last updated on 2025-04-30 04:50:13 CEST.
Flavor | Version | Tinstall | Tcheck | Ttotal | Status | Flags |
---|---|---|---|---|---|---|
r-devel-linux-x86_64-debian-clang | 1.5.4 | 1.96 | 27.49 | 29.45 | NOTE | |
r-devel-linux-x86_64-debian-gcc | 1.5.4 | 1.54 | 20.76 | 22.30 | OK | |
r-devel-linux-x86_64-fedora-clang | 1.5.4 | 44.98 | OK | |||
r-devel-linux-x86_64-fedora-gcc | 1.5.4 | 43.39 | OK | |||
r-devel-windows-x86_64 | 1.5.4 | 3.00 | 49.00 | 52.00 | OK | |
r-patched-linux-x86_64 | 1.5.4 | 2.09 | 25.88 | 27.97 | OK | |
r-release-linux-x86_64 | 1.5.4 | 1.93 | 25.79 | 27.72 | OK | |
r-release-macos-arm64 | 1.5.4 | 31.00 | OK | |||
r-release-macos-x86_64 | 1.5.4 | 29.00 | OK | |||
r-release-windows-x86_64 | 1.5.4 | 4.00 | 47.00 | 51.00 | OK | |
r-oldrel-macos-arm64 | 1.5.4 | 28.00 | OK | |||
r-oldrel-macos-x86_64 | 1.5.4 | 33.00 | OK | |||
r-oldrel-windows-x86_64 | 1.5.4 | 3.00 | 48.00 | 51.00 | OK |
Version: 1.5.4
Check: examples
Result: NOTE
Examples with CPU (user + system) or elapsed time > 5s
user system elapsed
paran 6.951 0.052 8.193
Flavor: r-devel-linux-x86_64-debian-clang