Last updated on 2025-04-30 04:50:13 CEST.
Flavor | Version | Tinstall | Tcheck | Ttotal | Status | Flags |
---|---|---|---|---|---|---|
r-devel-linux-x86_64-debian-clang | 2.7.7 | 9.52 | 180.14 | 189.66 | NOTE | |
r-devel-linux-x86_64-debian-gcc | 2.7.7 | 7.66 | 121.24 | 128.90 | NOTE | |
r-devel-linux-x86_64-fedora-clang | 2.7.7 | 308.78 | OK | |||
r-devel-linux-x86_64-fedora-gcc | 2.7.7 | 296.98 | OK | |||
r-devel-windows-x86_64 | 2.7.7 | 11.00 | 191.00 | 202.00 | NOTE | |
r-patched-linux-x86_64 | 2.7.7 | 9.25 | 169.38 | 178.63 | NOTE | |
r-release-linux-x86_64 | 2.7.7 | 9.27 | 168.43 | 177.70 | NOTE | |
r-release-macos-arm64 | 2.7.7 | 82.00 | OK | |||
r-release-macos-x86_64 | 2.7.7 | 173.00 | OK | |||
r-release-windows-x86_64 | 2.7.7 | 11.00 | 197.00 | 208.00 | NOTE | |
r-oldrel-macos-arm64 | 2.7.7 | 65.00 | OK | |||
r-oldrel-macos-x86_64 | 2.7.7 | 107.00 | OK | |||
r-oldrel-windows-x86_64 | 2.7.7 | 14.00 | 238.00 | 252.00 | OK |
Version: 2.7.7
Check: CRAN incoming feasibility
Result: NOTE
Maintainer: ‘Federico Rotolo <federico.rotolo@sanofi.com>’
Package CITATION file contains call(s) to old-style personList() or
as.personList(). Please use c() on person objects instead.
Package CITATION file contains call(s) to old-style citEntry(). Please
use bibentry() instead.
Flavors: r-devel-linux-x86_64-debian-clang, r-devel-linux-x86_64-debian-gcc
Version: 2.7.7
Check: Rd cross-references
Result: NOTE
Found the following Rd file(s) with Rd \link{} targets missing package
anchors:
parfm.Rd: Surv, optimx
select.parfm.Rd: Surv
Please provide package anchors for all Rd \link{} targets not in the
package itself and the base packages.
Flavors: r-devel-linux-x86_64-debian-clang, r-devel-linux-x86_64-debian-gcc, r-devel-windows-x86_64, r-patched-linux-x86_64, r-release-linux-x86_64, r-release-windows-x86_64
Version: 2.7.7
Check: examples
Result: NOTE
Examples with CPU (user + system) or elapsed time > 5s
user system elapsed
reconstitution 5.877 0.07 7.65
Flavor: r-devel-linux-x86_64-debian-clang