Last updated on 2025-04-30 04:50:13 CEST.
Flavor | Version | Tinstall | Tcheck | Ttotal | Status | Flags |
---|---|---|---|---|---|---|
r-devel-linux-x86_64-debian-clang | 0.1.7 | 56.22 | 68.36 | 124.58 | NOTE | |
r-devel-linux-x86_64-debian-gcc | 0.1.7 | 41.29 | 49.91 | 91.20 | NOTE | |
r-devel-linux-x86_64-fedora-clang | 0.1.7 | 224.47 | NOTE | |||
r-devel-linux-x86_64-fedora-gcc | 0.1.7 | 231.77 | NOTE | |||
r-devel-windows-x86_64 | 0.1.7 | 68.00 | 104.00 | 172.00 | NOTE | |
r-patched-linux-x86_64 | 0.1.7 | 60.50 | 64.84 | 125.34 | NOTE | |
r-release-linux-x86_64 | 0.1.7 | 61.03 | 64.33 | 125.36 | NOTE | |
r-release-macos-arm64 | 0.1.7 | 75.00 | NOTE | |||
r-release-macos-x86_64 | 0.1.7 | 105.00 | NOTE | |||
r-release-windows-x86_64 | 0.1.7 | 69.00 | 101.00 | 170.00 | NOTE | |
r-oldrel-macos-arm64 | 0.1.7 | 60.00 | NOTE | |||
r-oldrel-macos-x86_64 | 0.1.7 | 76.00 | NOTE | |||
r-oldrel-windows-x86_64 | 0.1.7 | 78.00 | 123.00 | 201.00 | NOTE |
Version: 0.1.7
Check: C++ specification
Result: NOTE
Specified C++11: please drop specification unless essential
Flavors: r-devel-linux-x86_64-debian-clang, r-devel-linux-x86_64-debian-gcc, r-devel-linux-x86_64-fedora-clang, r-devel-linux-x86_64-fedora-gcc, r-devel-windows-x86_64, r-patched-linux-x86_64, r-release-linux-x86_64, r-release-macos-arm64, r-release-macos-x86_64, r-release-windows-x86_64, r-oldrel-macos-arm64, r-oldrel-macos-x86_64, r-oldrel-windows-x86_64