Last updated on 2025-04-30 04:50:13 CEST.
Flavor | Version | Tinstall | Tcheck | Ttotal | Status | Flags |
---|---|---|---|---|---|---|
r-devel-linux-x86_64-debian-clang | 1.7 | 17.29 | 67.77 | 85.06 | NOTE | |
r-devel-linux-x86_64-debian-gcc | 1.7 | 10.30 | 47.72 | 58.02 | NOTE | |
r-devel-linux-x86_64-fedora-clang | 1.7 | 143.16 | OK | |||
r-devel-linux-x86_64-fedora-gcc | 1.7 | 144.12 | OK | |||
r-devel-windows-x86_64 | 1.7 | 18.00 | 92.00 | 110.00 | OK | |
r-patched-linux-x86_64 | 1.7 | 16.40 | 64.76 | 81.16 | OK | |
r-release-linux-x86_64 | 1.7 | 14.42 | 64.63 | 79.05 | OK | |
r-release-macos-arm64 | 1.7 | 42.00 | OK | |||
r-release-macos-x86_64 | 1.7 | 99.00 | OK | |||
r-release-windows-x86_64 | 1.7 | 17.00 | 88.00 | 105.00 | OK | |
r-oldrel-macos-arm64 | 1.7 | 40.00 | OK | |||
r-oldrel-macos-x86_64 | 1.7 | 65.00 | OK | |||
r-oldrel-windows-x86_64 | 1.7 | 17.00 | 100.00 | 117.00 | OK |
Version: 1.7
Check: CRAN incoming feasibility
Result: NOTE
Maintainer: ‘Alexios Galanos <alexios@4dscape.com>’
Package CITATION file contains call(s) to old-style personList() or
as.personList(). Please use c() on person objects instead.
Package CITATION file contains call(s) to old-style citEntry(). Please
use bibentry() instead.
Flavors: r-devel-linux-x86_64-debian-clang, r-devel-linux-x86_64-debian-gcc