CRAN Package Check Results for Package parmsurvfit

Last updated on 2025-04-30 04:50:13 CEST.

Flavor Version Tinstall Tcheck Ttotal Status Flags
r-devel-linux-x86_64-debian-clang 0.1.0 10.14 94.56 104.70 OK
r-devel-linux-x86_64-debian-gcc 0.1.0 7.46 67.42 74.88 OK
r-devel-linux-x86_64-fedora-clang 0.1.0 154.94 NOTE
r-devel-linux-x86_64-fedora-gcc 0.1.0 160.45 NOTE
r-devel-windows-x86_64 0.1.0 12.00 107.00 119.00 OK
r-patched-linux-x86_64 0.1.0 10.04 88.22 98.26 OK
r-release-linux-x86_64 0.1.0 9.60 87.49 97.09 OK
r-release-macos-arm64 0.1.0 50.00 OK
r-release-macos-x86_64 0.1.0 108.00 OK
r-release-windows-x86_64 0.1.0 12.00 103.00 115.00 OK
r-oldrel-macos-arm64 0.1.0 48.00 OK
r-oldrel-macos-x86_64 0.1.0 71.00 OK
r-oldrel-windows-x86_64 0.1.0 15.00 123.00 138.00 OK

Check Details

Version: 0.1.0
Check: dependencies in R code
Result: NOTE Namespace in Imports field not imported from: ‘flexsurv’ All declared Imports should be used. Flavors: r-devel-linux-x86_64-fedora-clang, r-devel-linux-x86_64-fedora-gcc