Last updated on 2025-02-21 03:52:21 CET.
Flavor | Version | Tinstall | Tcheck | Ttotal | Status | Flags |
---|---|---|---|---|---|---|
r-devel-linux-x86_64-debian-clang | 0.3.3 | 62.25 | 48.69 | 110.94 | OK | |
r-devel-linux-x86_64-debian-gcc | 0.3.3 | 45.27 | 35.23 | 80.50 | OK | |
r-devel-linux-x86_64-fedora-clang | 0.3.3 | 208.34 | OK | |||
r-devel-linux-x86_64-fedora-gcc | 0.3.3 | 214.25 | OK | |||
r-devel-macos-arm64 | 0.3.3 | 54.00 | OK | |||
r-devel-macos-x86_64 | 0.3.3 | 86.00 | OK | |||
r-devel-windows-x86_64 | 0.3.3 | 72.00 | 97.00 | 169.00 | OK | |
r-patched-linux-x86_64 | 0.3.3 | 65.61 | 46.32 | 111.93 | OK | |
r-release-linux-x86_64 | 0.3.3 | 63.53 | 45.82 | 109.35 | OK | |
r-release-macos-arm64 | 0.3.3 | 53.00 | NOTE | |||
r-release-macos-x86_64 | 0.3.3 | 71.00 | NOTE | |||
r-release-windows-x86_64 | 0.3.3 | 75.00 | 94.00 | 169.00 | OK | |
r-oldrel-macos-arm64 | 0.3.3 | 68.00 | NOTE | |||
r-oldrel-macos-x86_64 | 0.3.3 | 95.00 | NOTE | |||
r-oldrel-windows-x86_64 | 0.3.3 | 86.00 | 128.00 | 214.00 | OK |
Version: 0.3.3
Check: installed package size
Result: NOTE
installed size is 5.7Mb
sub-directories of 1Mb or more:
libs 4.2Mb
Flavors: r-release-macos-arm64, r-release-macos-x86_64, r-oldrel-macos-arm64, r-oldrel-macos-x86_64