Last updated on 2025-11-04 03:51:01 CET.
| Flavor | Version | Tinstall | Tcheck | Ttotal | Status | Flags | 
|---|---|---|---|---|---|---|
| r-devel-linux-x86_64-debian-clang | 0.9.14 | 7.89 | 199.38 | 207.27 | NOTE | |
| r-devel-linux-x86_64-debian-gcc | 0.9.14 | 7.27 | 145.07 | 152.34 | NOTE | |
| r-devel-linux-x86_64-fedora-clang | 0.9.14 | 21.00 | 288.68 | 309.68 | OK | |
| r-devel-linux-x86_64-fedora-gcc | 0.9.14 | 21.00 | 305.75 | 326.75 | OK | |
| r-devel-windows-x86_64 | 0.9.14 | 11.00 | 212.00 | 223.00 | OK | |
| r-patched-linux-x86_64 | 0.9.14 | 8.72 | 193.60 | 202.32 | OK | |
| r-release-linux-x86_64 | 0.9.14 | 8.29 | 196.07 | 204.36 | OK | |
| r-release-macos-arm64 | 0.9.14 | 4.00 | 97.00 | 101.00 | OK | |
| r-release-macos-x86_64 | 0.9.14 | 8.00 | 199.00 | 207.00 | OK | |
| r-release-windows-x86_64 | 0.9.14 | 10.00 | 208.00 | 218.00 | OK | |
| r-oldrel-macos-arm64 | 0.9.14 | 4.00 | 87.00 | 91.00 | OK | |
| r-oldrel-macos-x86_64 | 0.9.14 | 9.00 | 155.00 | 164.00 | OK | |
| r-oldrel-windows-x86_64 | 0.9.14 | 14.00 | 268.00 | 282.00 | OK | 
Version: 0.9.14
Check: CRAN incoming feasibility
Result: NOTE
  Maintainer: ‘Annette Molinaro <annette.molinaro@ucsf.edu>’
  
  No Authors@R field in DESCRIPTION.
  Please add one, modifying
    Authors@R: c(person(given = "Annette",
                        family = "Molinaro",
                        role = c("aut", "cre"),
                        email = "annette.molinaro@ucsf.edu"),
                 person(given = "Adam",
                        family = "Olshen",
                        role = "aut",
                        email = "olshena@biostat.ucsf.edu"),
                 person(given = "Karen",
                        family = "Lostritto",
                        role = "aut",
                        email = "karen.lostritto@yale.edu"),
                 person(given = "Gregory",
                        family = "Ryslik",
                        role = "aut",
                        email = "gregory.ryslik@yale.edu"),
                 person(given = "Steve",
                        family = "Weston",
                        role = "aut",
                        email = "stephen.weston@yale.com"))
  as necessary.
  
  Package CITATION file contains call(s) to old-style personList() or
  as.personList().  Please use c() on person objects instead.
  Package CITATION file contains call(s) to old-style citEntry().  Please
  use bibentry() instead.
Flavors: r-devel-linux-x86_64-debian-clang, r-devel-linux-x86_64-debian-gcc