Last updated on 2025-04-30 04:50:13 CEST.
Flavor | Version | Tinstall | Tcheck | Ttotal | Status | Flags |
---|---|---|---|---|---|---|
r-devel-linux-x86_64-debian-clang | 1.2-23 | 15.16 | 286.99 | 302.15 | NOTE | |
r-devel-linux-x86_64-debian-gcc | 1.2-23 | 10.34 | 195.74 | 206.08 | OK | |
r-devel-linux-x86_64-fedora-clang | 1.2-23 | 491.70 | OK | |||
r-devel-linux-x86_64-fedora-gcc | 1.2-23 | 484.84 | OK | |||
r-devel-windows-x86_64 | 1.2-23 | 18.00 | 361.00 | 379.00 | OK | |
r-patched-linux-x86_64 | 1.2-23 | 14.86 | 268.87 | 283.73 | OK | |
r-release-linux-x86_64 | 1.2-23 | 13.21 | 270.10 | 283.31 | OK | |
r-release-macos-arm64 | 1.2-23 | 151.00 | OK | |||
r-release-macos-x86_64 | 1.2-23 | 299.00 | OK | |||
r-release-windows-x86_64 | 1.2-23 | 18.00 | 359.00 | 377.00 | OK | |
r-oldrel-macos-arm64 | 1.2-23 | 144.00 | OK | |||
r-oldrel-macos-x86_64 | 1.2-23 | 329.00 | OK | |||
r-oldrel-windows-x86_64 | 1.2-23 | 22.00 | 426.00 | 448.00 | OK |
Version: 1.2-23
Check: examples
Result: NOTE
Examples with CPU (user + system) or elapsed time > 5s
user system elapsed
prune.modelparty 3.925 0 5.203
Flavor: r-devel-linux-x86_64-debian-clang