CRAN Package Check Results for Package parzer

Last updated on 2025-04-30 04:50:13 CEST.

Flavor Version Tinstall Tcheck Ttotal Status Flags
r-devel-linux-x86_64-debian-clang 0.4.1 34.82 30.91 65.73 NOTE
r-devel-linux-x86_64-debian-gcc 0.4.1 28.86 24.37 53.23 NOTE
r-devel-linux-x86_64-fedora-clang 0.4.1 118.83 NOTE
r-devel-linux-x86_64-fedora-gcc 0.4.1 141.81 NOTE
r-devel-windows-x86_64 0.4.1 41.00 75.00 116.00 NOTE
r-patched-linux-x86_64 0.4.1 41.40 28.47 69.87 NOTE
r-release-linux-x86_64 0.4.1 38.96 28.43 67.39 NOTE
r-release-macos-arm64 0.4.1 38.00 NOTE
r-release-macos-x86_64 0.4.1 62.00 NOTE
r-release-windows-x86_64 0.4.1 41.00 75.00 116.00 NOTE
r-oldrel-macos-arm64 0.4.1 40.00 NOTE
r-oldrel-macos-x86_64 0.4.1 49.00 NOTE
r-oldrel-windows-x86_64 0.4.1 46.00 81.00 127.00 NOTE

Check Details

Version: 0.4.1
Check: C++ specification
Result: NOTE Specified C++11: please drop specification unless essential Flavors: r-devel-linux-x86_64-debian-clang, r-devel-linux-x86_64-debian-gcc, r-devel-linux-x86_64-fedora-clang, r-devel-linux-x86_64-fedora-gcc, r-devel-windows-x86_64, r-patched-linux-x86_64, r-release-linux-x86_64, r-release-macos-arm64, r-release-macos-x86_64, r-release-windows-x86_64, r-oldrel-macos-arm64, r-oldrel-macos-x86_64, r-oldrel-windows-x86_64