CRAN Package Check Results for Package pathmodelfit

Last updated on 2025-04-30 04:50:14 CEST.

Flavor Version Tinstall Tcheck Ttotal Status Flags
r-devel-linux-x86_64-debian-clang 1.0.5 2.51 25.09 27.60 NOTE
r-devel-linux-x86_64-debian-gcc 1.0.5 2.13 19.79 21.92 NOTE
r-devel-linux-x86_64-fedora-clang 1.0.5 44.96 OK
r-devel-linux-x86_64-fedora-gcc 1.0.5 43.28 OK
r-devel-windows-x86_64 1.0.5 3.00 49.00 52.00 OK
r-patched-linux-x86_64 1.0.5 1.91 24.11 26.02 OK
r-release-linux-x86_64 1.0.5 2.15 24.60 26.75 OK
r-release-macos-arm64 1.0.5 20.00 OK
r-release-macos-x86_64 1.0.5 28.00 OK
r-release-windows-x86_64 1.0.5 3.00 47.00 50.00 OK
r-oldrel-macos-arm64 1.0.5 18.00 OK
r-oldrel-macos-x86_64 1.0.5 25.00 OK
r-oldrel-windows-x86_64 1.0.5 4.00 48.00 52.00 OK

Check Details

Version: 1.0.5
Check: CRAN incoming feasibility
Result: NOTE Maintainer: ‘Steven Andrew Culpepper <sculpepp@illinois.edu>’ Package CITATION file contains call(s) to old-style personList() or as.personList(). Please use c() on person objects instead. Package CITATION file contains call(s) to old-style citEntry(). Please use bibentry() instead. Flavors: r-devel-linux-x86_64-debian-clang, r-devel-linux-x86_64-debian-gcc