Last updated on 2025-11-04 03:51:01 CET.
| Flavor | Version | Tinstall | Tcheck | Ttotal | Status | Flags | 
|---|---|---|---|---|---|---|
| r-devel-linux-x86_64-debian-clang | 0.9.0 | 141.98 | 369.56 | 511.54 | OK | |
| r-devel-linux-x86_64-debian-gcc | 0.9.0 | 82.42 | 241.96 | 324.38 | OK | |
| r-devel-linux-x86_64-fedora-clang | 0.9.0 | 408.00 | 303.34 | 711.34 | OK | |
| r-devel-linux-x86_64-fedora-gcc | 0.9.0 | 308.00 | 376.77 | 684.77 | OK | |
| r-devel-windows-x86_64 | 0.9.0 | 134.00 | 636.00 | 770.00 | OK | |
| r-patched-linux-x86_64 | 0.9.0 | 153.95 | 346.85 | 500.80 | OK | |
| r-release-linux-x86_64 | 0.9.0 | 127.25 | 348.39 | 475.64 | OK | |
| r-release-macos-arm64 | 0.9.0 | 90.00 | 138.00 | 228.00 | OK | |
| r-release-macos-x86_64 | 0.9.0 | 150.00 | 256.00 | 406.00 | OK | |
| r-release-windows-x86_64 | 0.9.0 | 133.00 | 512.00 | 645.00 | OK | |
| r-oldrel-macos-arm64 | 0.9.0 | 51.00 | 116.00 | 167.00 | NOTE | |
| r-oldrel-macos-x86_64 | 0.9.0 | 186.00 | 231.00 | 417.00 | NOTE | |
| r-oldrel-windows-x86_64 | 0.9.0 | 190.00 | 721.00 | 911.00 | NOTE | 
Version: 0.9.0
Check: installed package size
Result: NOTE
    installed size is  8.0Mb
    sub-directories of 1Mb or more:
      R      4.1Mb
      help   3.7Mb
Flavors: r-oldrel-macos-arm64, r-oldrel-macos-x86_64, r-oldrel-windows-x86_64