Last updated on 2025-04-30 04:50:14 CEST.
Flavor | Version | Tinstall | Tcheck | Ttotal | Status | Flags |
---|---|---|---|---|---|---|
r-devel-linux-x86_64-debian-clang | 0.9.0 | 141.04 | 339.80 | 480.84 | OK | |
r-devel-linux-x86_64-debian-gcc | 0.9.0 | 76.29 | 224.43 | 300.72 | OK | |
r-devel-linux-x86_64-fedora-clang | 0.9.0 | 791.17 | OK | |||
r-devel-linux-x86_64-fedora-gcc | 0.9.0 | 703.98 | OK | |||
r-devel-windows-x86_64 | 0.9.0 | 130.00 | 649.00 | 779.00 | OK | |
r-patched-linux-x86_64 | 0.9.0 | 153.28 | 315.35 | 468.63 | OK | |
r-release-linux-x86_64 | 0.9.0 | 124.90 | 316.99 | 441.89 | OK | |
r-release-macos-arm64 | 0.9.0 | 228.00 | OK | |||
r-release-macos-x86_64 | 0.9.0 | 406.00 | OK | |||
r-release-windows-x86_64 | 0.9.0 | 132.00 | 604.00 | 736.00 | OK | |
r-oldrel-macos-arm64 | 0.9.0 | 167.00 | NOTE | |||
r-oldrel-macos-x86_64 | 0.9.0 | 417.00 | NOTE | |||
r-oldrel-windows-x86_64 | 0.9.0 | 180.00 | 612.00 | 792.00 | NOTE |
Version: 0.9.0
Check: installed package size
Result: NOTE
installed size is 8.0Mb
sub-directories of 1Mb or more:
R 4.1Mb
help 3.7Mb
Flavors: r-oldrel-macos-arm64, r-oldrel-macos-x86_64, r-oldrel-windows-x86_64