Last updated on 2025-02-21 03:52:21 CET.
Flavor | Version | Tinstall | Tcheck | Ttotal | Status | Flags |
---|---|---|---|---|---|---|
r-devel-linux-x86_64-debian-clang | 0.8.0 | 136.28 | 322.23 | 458.51 | OK | |
r-devel-linux-x86_64-debian-gcc | 0.8.0 | 84.94 | 210.16 | 295.10 | OK | |
r-devel-linux-x86_64-fedora-clang | 0.8.0 | 739.30 | OK | |||
r-devel-linux-x86_64-fedora-gcc | 0.8.0 | 693.84 | OK | |||
r-devel-macos-arm64 | 0.8.0 | 147.00 | OK | |||
r-devel-macos-x86_64 | 0.8.0 | 423.00 | OK | |||
r-devel-windows-x86_64 | 0.8.0 | 134.00 | 541.00 | 675.00 | OK | |
r-patched-linux-x86_64 | 0.8.0 | 171.91 | 302.21 | 474.12 | OK | |
r-release-linux-x86_64 | 0.8.0 | 133.63 | 300.90 | 434.53 | OK | |
r-release-macos-arm64 | 0.8.0 | 167.00 | NOTE | |||
r-release-macos-x86_64 | 0.8.0 | 450.00 | NOTE | |||
r-release-windows-x86_64 | 0.8.0 | 131.00 | 528.00 | 659.00 | NOTE | |
r-oldrel-macos-arm64 | 0.7.0 | 153.00 | NOTE | |||
r-oldrel-macos-x86_64 | 0.8.0 | 320.00 | NOTE | |||
r-oldrel-windows-x86_64 | 0.8.0 | 169.00 | 575.00 | 744.00 | NOTE |
Version: 0.8.0
Check: installed package size
Result: NOTE
installed size is 8.4Mb
sub-directories of 1Mb or more:
R 4.1Mb
help 4.1Mb
Flavors: r-release-macos-arm64, r-release-macos-x86_64, r-release-windows-x86_64, r-oldrel-macos-x86_64, r-oldrel-windows-x86_64
Version: 0.7.0
Check: installed package size
Result: NOTE
installed size is 8.5Mb
sub-directories of 1Mb or more:
R 4.1Mb
help 4.3Mb
Flavor: r-oldrel-macos-arm64