Last updated on 2025-04-30 04:50:14 CEST.
Flavor | Version | Tinstall | Tcheck | Ttotal | Status | Flags |
---|---|---|---|---|---|---|
r-devel-linux-x86_64-debian-clang | 0.9.0 | 128.16 | 327.53 | 455.69 | OK | |
r-devel-linux-x86_64-debian-gcc | 0.9.0 | 70.19 | 215.91 | 286.10 | OK | |
r-devel-linux-x86_64-fedora-clang | 0.9.0 | 722.64 | OK | |||
r-devel-linux-x86_64-fedora-gcc | 0.9.0 | 647.14 | OK | |||
r-devel-windows-x86_64 | 0.9.0 | 115.00 | 656.00 | 771.00 | OK | |
r-patched-linux-x86_64 | 0.9.0 | 146.63 | 303.44 | 450.07 | OK | |
r-release-linux-x86_64 | 0.9.0 | 118.95 | 303.28 | 422.23 | OK | |
r-release-macos-arm64 | 0.9.0 | 177.00 | OK | |||
r-release-macos-x86_64 | 0.9.0 | 350.00 | OK | |||
r-release-windows-x86_64 | 0.9.0 | 114.00 | 613.00 | 727.00 | OK | |
r-oldrel-macos-arm64 | 0.9.0 | 153.00 | NOTE | |||
r-oldrel-macos-x86_64 | 0.9.0 | 299.00 | NOTE | |||
r-oldrel-windows-x86_64 | 0.9.0 | 155.00 | 618.00 | 773.00 | NOTE |
Version: 0.9.0
Check: installed package size
Result: NOTE
installed size is 7.5Mb
sub-directories of 1Mb or more:
R 3.1Mb
help 4.2Mb
Flavors: r-oldrel-macos-arm64, r-oldrel-macos-x86_64, r-oldrel-windows-x86_64