Last updated on 2025-04-30 04:50:14 CEST.
Flavor | Version | Tinstall | Tcheck | Ttotal | Status | Flags |
---|---|---|---|---|---|---|
r-devel-linux-x86_64-debian-clang | 0.9.0 | 91.41 | 243.63 | 335.04 | OK | |
r-devel-linux-x86_64-debian-gcc | 0.9.0 | 54.23 | 162.35 | 216.58 | OK | |
r-devel-linux-x86_64-fedora-clang | 0.9.0 | 564.55 | OK | |||
r-devel-linux-x86_64-fedora-gcc | 0.9.0 | 496.43 | OK | |||
r-devel-windows-x86_64 | 0.9.0 | 94.00 | 491.00 | 585.00 | OK | |
r-patched-linux-x86_64 | 0.9.0 | 117.73 | 224.84 | 342.57 | OK | |
r-release-linux-x86_64 | 0.9.0 | 88.21 | 222.52 | 310.73 | OK | |
r-release-macos-arm64 | 0.9.0 | 142.00 | OK | |||
r-release-macos-x86_64 | 0.9.0 | 281.00 | OK | |||
r-release-windows-x86_64 | 0.9.0 | 94.00 | 466.00 | 560.00 | OK | |
r-oldrel-macos-arm64 | 0.9.0 | 127.00 | NOTE | |||
r-oldrel-macos-x86_64 | 0.9.0 | 238.00 | NOTE | |||
r-oldrel-windows-x86_64 | 0.9.0 | 126.00 | 460.00 | 586.00 | OK |
Version: 0.9.0
Check: installed package size
Result: NOTE
installed size is 5.5Mb
sub-directories of 1Mb or more:
R 3.1Mb
help 2.3Mb
Flavors: r-oldrel-macos-arm64, r-oldrel-macos-x86_64