Last updated on 2025-02-21 03:52:21 CET.
Flavor | Version | Tinstall | Tcheck | Ttotal | Status | Flags |
---|---|---|---|---|---|---|
r-devel-linux-x86_64-debian-clang | 0.8.0 | 146.83 | 334.36 | 481.19 | OK | |
r-devel-linux-x86_64-debian-gcc | 0.8.0 | 82.81 | 219.57 | 302.38 | OK | |
r-devel-linux-x86_64-fedora-clang | 0.8.0 | 749.31 | OK | |||
r-devel-linux-x86_64-fedora-gcc | 0.8.0 | 713.13 | OK | |||
r-devel-macos-arm64 | 0.8.0 | 171.00 | OK | |||
r-devel-macos-x86_64 | 0.8.0 | 443.00 | OK | |||
r-devel-windows-x86_64 | 0.8.0 | 140.00 | 572.00 | 712.00 | OK | |
r-patched-linux-x86_64 | 0.8.0 | 168.18 | 309.49 | 477.67 | OK | |
r-release-linux-x86_64 | 0.8.0 | 135.17 | 308.23 | 443.40 | OK | |
r-release-macos-arm64 | 0.8.0 | 178.00 | NOTE | |||
r-release-macos-x86_64 | 0.8.0 | 473.00 | NOTE | |||
r-release-windows-x86_64 | 0.8.0 | 138.00 | 558.00 | 696.00 | NOTE | |
r-oldrel-macos-arm64 | 0.7.0 | 173.00 | NOTE | |||
r-oldrel-macos-x86_64 | 0.8.0 | 330.00 | NOTE | |||
r-oldrel-windows-x86_64 | 0.8.0 | 179.00 | 597.00 | 776.00 | NOTE |
Version: 0.8.0
Check: installed package size
Result: NOTE
installed size is 7.6Mb
sub-directories of 1Mb or more:
R 3.1Mb
help 4.2Mb
Flavors: r-release-macos-arm64, r-release-macos-x86_64, r-release-windows-x86_64, r-oldrel-macos-x86_64, r-oldrel-windows-x86_64
Version: 0.7.0
Check: installed package size
Result: NOTE
installed size is 7.2Mb
sub-directories of 1Mb or more:
R 3.1Mb
help 4.0Mb
Flavor: r-oldrel-macos-arm64