CRAN Package Check Results for Package pbatR

Last updated on 2025-04-30 04:50:14 CEST.

Flavor Version Tinstall Tcheck Ttotal Status Flags
r-devel-linux-x86_64-debian-clang 2.2-17 22.20 95.87 118.07 NOTE
r-devel-linux-x86_64-debian-gcc 2.2-17 16.74 72.85 89.59 NOTE
r-devel-linux-x86_64-fedora-clang 2.2-17 222.92 OK
r-devel-linux-x86_64-fedora-gcc 2.2-17 193.08 OK
r-devel-windows-x86_64 2.2-17 30.00 128.00 158.00 OK
r-patched-linux-x86_64 2.2-17 22.98 91.49 114.47 OK
r-release-linux-x86_64 2.2-17 20.86 92.66 113.52 OK
r-release-macos-arm64 2.2-17 149.00 OK
r-release-macos-x86_64 2.2-17 134.00 OK
r-release-windows-x86_64 2.2-17 31.00 123.00 154.00 OK
r-oldrel-macos-arm64 2.2-17 87.00 OK
r-oldrel-macos-x86_64 2.2-17 108.00 OK
r-oldrel-windows-x86_64 2.2-17 36.00 123.00 159.00 OK

Check Details

Version: 2.2-17
Check: CRAN incoming feasibility
Result: NOTE Maintainer: ‘Thomas Hoffmann <tjhoffm@gmail.com>’ No Authors@R field in DESCRIPTION. Please add one, modifying Authors@R: c(person(given = "Thomas", family = "Hoffmann", role = c("aut", "cre"), email = "tjhoffm@gmail.com"), person(given = c("with", "contributions", "from", "Christoph"), family = "Lange", role = "aut", email = "clange@hsph.harvard.edu")) as necessary. Flavors: r-devel-linux-x86_64-debian-clang, r-devel-linux-x86_64-debian-gcc