Last updated on 2025-04-30 04:50:14 CEST.
Flavor | Version | Tinstall | Tcheck | Ttotal | Status | Flags |
---|---|---|---|---|---|---|
r-devel-linux-x86_64-debian-clang | 0.0.7 | 2.13 | 30.82 | 32.95 | OK | |
r-devel-linux-x86_64-debian-gcc | 0.0.7 | 2.25 | 30.96 | 33.21 | NOTE | |
r-devel-linux-x86_64-fedora-clang | 0.0.7 | 53.37 | OK | |||
r-devel-linux-x86_64-fedora-gcc | 0.0.7 | 59.97 | OK | |||
r-devel-windows-x86_64 | 0.0.7 | 4.00 | 65.00 | 69.00 | OK | |
r-patched-linux-x86_64 | 0.0.7 | 2.50 | 34.92 | 37.42 | OK | |
r-release-linux-x86_64 | 0.0.7 | 2.91 | 34.72 | 37.63 | OK | |
r-release-macos-arm64 | 0.0.7 | 23.00 | OK | |||
r-release-macos-x86_64 | 0.0.7 | 32.00 | OK | |||
r-release-windows-x86_64 | 0.0.7 | 4.00 | 60.00 | 64.00 | OK | |
r-oldrel-macos-arm64 | 0.0.7 | 19.00 | OK | |||
r-oldrel-macos-x86_64 | 0.0.7 | 31.00 | OK | |||
r-oldrel-windows-x86_64 | 0.0.7 | 5.00 | 61.00 | 66.00 | OK |
Version: 0.0.7
Check: examples
Result: NOTE
Examples with CPU (user + system) or elapsed time > 5s
user system elapsed
odpbc 5.304 0.108 6.04
Flavor: r-devel-linux-x86_64-debian-gcc