Last updated on 2025-04-30 04:50:14 CEST.
Flavor | Version | Tinstall | Tcheck | Ttotal | Status | Flags |
---|---|---|---|---|---|---|
r-devel-linux-x86_64-debian-clang | 0.5.3 | 11.32 | 156.48 | 167.80 | OK | |
r-devel-linux-x86_64-debian-gcc | 0.5.4 | 8.03 | 123.37 | 131.40 | NOTE | |
r-devel-linux-x86_64-fedora-clang | 0.5.4 | 319.55 | OK | |||
r-devel-linux-x86_64-fedora-gcc | 0.5.4 | 313.87 | OK | |||
r-devel-windows-x86_64 | 0.5.4 | 15.00 | 156.00 | 171.00 | OK | |
r-patched-linux-x86_64 | 0.5.3 | 11.85 | 148.50 | 160.35 | OK | |
r-release-linux-x86_64 | 0.5.3 | 11.94 | 147.09 | 159.03 | OK | |
r-release-macos-arm64 | 0.5.4 | 72.00 | OK | |||
r-release-macos-x86_64 | 0.5.4 | 156.00 | OK | |||
r-release-windows-x86_64 | 0.5.4 | 14.00 | 162.00 | 176.00 | OK | |
r-oldrel-macos-arm64 | 0.5.4 | 76.00 | OK | |||
r-oldrel-macos-x86_64 | 0.5.4 | 166.00 | OK | |||
r-oldrel-windows-x86_64 | 0.5.3 | 16.00 | 186.00 | 202.00 | OK |
Version: 0.5.4
Check: examples
Result: NOTE
Examples with CPU (user + system) or elapsed time > 5s
user system elapsed
anovax 6.048 0.235 7.633
Flavor: r-devel-linux-x86_64-debian-gcc