Last updated on 2025-04-30 04:50:14 CEST.
Flavor | Version | Tinstall | Tcheck | Ttotal | Status | Flags |
---|---|---|---|---|---|---|
r-devel-linux-x86_64-debian-clang | 0.5-47 | 16.63 | 24.66 | 41.29 | NOTE | |
r-devel-linux-x86_64-debian-gcc | 0.5-47 | 11.04 | 19.82 | 30.86 | NOTE | |
r-devel-linux-x86_64-fedora-clang | 0.5-47 | 71.37 | OK | |||
r-devel-linux-x86_64-fedora-gcc | 0.5-47 | 64.94 | OK | |||
r-devel-windows-x86_64 | 0.5-47 | 21.00 | 66.00 | 87.00 | OK | |
r-patched-linux-x86_64 | 0.5-47 | 14.79 | 22.72 | 37.51 | OK | |
r-release-linux-x86_64 | 0.5-47 | 15.53 | 22.50 | 38.03 | OK | |
r-release-macos-arm64 | 0.5-47 | 25.00 | OK | |||
r-release-macos-x86_64 | 0.5-47 | 60.00 | OK | |||
r-release-windows-x86_64 | 0.5-47 | 22.00 | 64.00 | 86.00 | OK | |
r-oldrel-macos-arm64 | 0.5-47 | 25.00 | OK | |||
r-oldrel-macos-x86_64 | 0.5-47 | 35.00 | OK | |||
r-oldrel-windows-x86_64 | 0.5-47 | 24.00 | 72.00 | 96.00 | OK |
Version: 0.5-47
Check: CRAN incoming feasibility
Result: NOTE
Maintainer: ‘Alexander Robitzsch <robitzsch@ipn.uni-kiel.de>’
No Authors@R field in DESCRIPTION.
Please add one, modifying
Authors@R: person(given = "Alexander",
family = "Robitzsch",
role = c("aut", "cre"),
email = "robitzsch@ipn.uni-kiel.de",
comment = c(ORCID = "0000-0002-8226-3132"))
as necessary.
Flavors: r-devel-linux-x86_64-debian-clang, r-devel-linux-x86_64-debian-gcc