Last updated on 2025-04-30 04:50:14 CEST.
Flavor | Version | Tinstall | Tcheck | Ttotal | Status | Flags |
---|---|---|---|---|---|---|
r-devel-linux-x86_64-debian-clang | 2.7-12 | 82.49 | 346.70 | 429.19 | NOTE | |
r-devel-linux-x86_64-debian-gcc | 2.7-12 | 60.64 | 245.02 | 305.66 | OK | |
r-devel-linux-x86_64-fedora-clang | 2.7-12 | 756.56 | OK | |||
r-devel-linux-x86_64-fedora-gcc | 2.7-12 | 687.53 | OK | |||
r-devel-windows-x86_64 | 2.7-12 | 101.00 | 410.00 | 511.00 | OK | |
r-patched-linux-x86_64 | 2.7-12 | 89.66 | 328.99 | 418.65 | OK | |
r-release-linux-x86_64 | 2.7-12 | 85.42 | 326.18 | 411.60 | OK | |
r-release-macos-arm64 | 2.7-12 | 218.00 | OK | |||
r-release-macos-x86_64 | 2.7-12 | 363.00 | OK | |||
r-release-windows-x86_64 | 2.7-12 | 97.00 | 370.00 | 467.00 | OK | |
r-oldrel-macos-arm64 | 2.7-12 | 179.00 | NOTE | |||
r-oldrel-macos-x86_64 | 2.7-12 | 320.00 | NOTE | |||
r-oldrel-windows-x86_64 | 2.7-12 | 112.00 | 488.00 | 600.00 | NOTE |
Version: 2.7-12
Check: examples
Result: NOTE
Examples with CPU (user + system) or elapsed time > 5s
user system elapsed
ida 4.977 0.119 6.137
Flavor: r-devel-linux-x86_64-debian-clang
Version: 2.7-12
Check: installed package size
Result: NOTE
installed size is 11.4Mb
sub-directories of 1Mb or more:
data 2.1Mb
libs 6.6Mb
Flavors: r-oldrel-macos-arm64, r-oldrel-macos-x86_64, r-oldrel-windows-x86_64