Last updated on 2025-04-30 04:50:14 CEST.
Flavor | Version | Tinstall | Tcheck | Ttotal | Status | Flags |
---|---|---|---|---|---|---|
r-devel-linux-x86_64-debian-clang | 2.2.2 | 2.31 | 37.92 | 40.23 | NOTE | |
r-devel-linux-x86_64-debian-gcc | 2.2.2 | 1.86 | 29.45 | 31.31 | NOTE | |
r-devel-linux-x86_64-fedora-clang | 2.2.2 | 67.00 | OK | |||
r-devel-linux-x86_64-fedora-gcc | 2.2.2 | 76.91 | OK | |||
r-devel-windows-x86_64 | 2.2.2 | 3.00 | 70.00 | 73.00 | OK | |
r-patched-linux-x86_64 | 2.2.2 | 2.65 | 35.79 | 38.44 | OK | |
r-release-linux-x86_64 | 2.2.2 | 2.58 | 35.74 | 38.32 | OK | |
r-release-macos-arm64 | 2.2.2 | 31.00 | OK | |||
r-release-macos-x86_64 | 2.2.2 | 56.00 | OK | |||
r-release-windows-x86_64 | 2.2.2 | 3.00 | 68.00 | 71.00 | OK | |
r-oldrel-macos-arm64 | 2.2.2 | 26.00 | OK | |||
r-oldrel-macos-x86_64 | 2.2.2 | 74.00 | OK | |||
r-oldrel-windows-x86_64 | 2.2.2 | 4.00 | 71.00 | 75.00 | OK |
Version: 2.2.2
Check: CRAN incoming feasibility
Result: NOTE
Maintainer: ‘Maxime Turgeon <maxime.turgeon@mail.mcgill.ca>’
Package CITATION file contains call(s) to old-style personList() or
as.personList(). Please use c() on person objects instead.
Package CITATION file contains call(s) to old-style citEntry(). Please
use bibentry() instead.
Flavors: r-devel-linux-x86_64-debian-clang, r-devel-linux-x86_64-debian-gcc