Last updated on 2025-04-30 04:50:14 CEST.
Flavor | Version | Tinstall | Tcheck | Ttotal | Status | Flags |
---|---|---|---|---|---|---|
r-devel-linux-x86_64-debian-clang | 1.2.0 | 26.86 | 551.88 | 578.74 | NOTE | |
r-devel-linux-x86_64-debian-gcc | 1.2.0 | 19.17 | 397.37 | 416.54 | NOTE | |
r-devel-linux-x86_64-fedora-clang | 1.2.0 | 980.18 | OK | |||
r-devel-linux-x86_64-fedora-gcc | 1.2.0 | 993.27 | OK | |||
r-devel-windows-x86_64 | 1.2.0 | 28.00 | 527.00 | 555.00 | OK | |
r-patched-linux-x86_64 | 1.2.0 | 24.13 | 532.54 | 556.67 | OK | |
r-release-linux-x86_64 | 1.2.0 | 25.04 | 546.03 | 571.07 | OK | |
r-release-macos-arm64 | 1.2.0 | 186.00 | OK | |||
r-release-macos-x86_64 | 1.2.0 | 365.00 | OK | |||
r-release-windows-x86_64 | 1.2.0 | 30.00 | 522.00 | 552.00 | OK | |
r-oldrel-macos-arm64 | 1.2.0 | 188.00 | NOTE | |||
r-oldrel-macos-x86_64 | 1.2.0 | 325.00 | NOTE | |||
r-oldrel-windows-x86_64 | 1.2.0 | 36.00 | 714.00 | 750.00 | NOTE |
Version: 1.2.0
Check: examples
Result: NOTE
Examples with CPU (user + system) or elapsed time > 5s
user system elapsed
growthSim 5.789 0.040 6.739
conjugate 5.442 0.159 6.617
frem 4.307 0.064 5.296
Flavor: r-devel-linux-x86_64-debian-clang
Version: 1.2.0
Check: examples
Result: NOTE
Examples with CPU (user + system) or elapsed time > 5s
user system elapsed
growthSim 3.889 0.039 5.14
Flavor: r-devel-linux-x86_64-debian-gcc
Version: 1.2.0
Check: package dependencies
Result: NOTE
Package suggested but not available for checking: ‘cmdstanr’
Flavors: r-oldrel-macos-arm64, r-oldrel-macos-x86_64, r-oldrel-windows-x86_64