Last updated on 2025-02-21 03:52:21 CET.
Flavor | Version | Tinstall | Tcheck | Ttotal | Status | Flags |
---|---|---|---|---|---|---|
r-devel-linux-x86_64-debian-clang | 1.1.1.0 | 27.65 | 612.24 | 639.89 | OK | |
r-devel-linux-x86_64-debian-gcc | 1.1.1.0 | 17.56 | 419.54 | 437.10 | OK | |
r-devel-linux-x86_64-fedora-clang | 1.1.1.0 | 1025.45 | OK | |||
r-devel-linux-x86_64-fedora-gcc | 1.1.1.0 | 1053.28 | OK | |||
r-devel-macos-arm64 | 1.1.1.0 | 281.00 | OK | |||
r-devel-macos-x86_64 | 1.1.1.0 | 577.00 | OK | |||
r-devel-windows-x86_64 | 1.1.1.0 | 26.00 | 596.00 | 622.00 | OK | |
r-patched-linux-x86_64 | 1.1.1.0 | 24.26 | 594.73 | 618.99 | NOTE | |
r-release-linux-x86_64 | 1.1.1.0 | 24.94 | 596.00 | 620.94 | NOTE | |
r-release-macos-arm64 | 1.1.1.0 | 201.00 | NOTE | |||
r-release-macos-x86_64 | 1.1.1.0 | 350.00 | NOTE | |||
r-release-windows-x86_64 | 1.1.1.0 | 27.00 | 583.00 | 610.00 | NOTE | |
r-oldrel-macos-arm64 | 1.1.1.0 | 272.00 | NOTE | |||
r-oldrel-macos-x86_64 | 1.1.1.0 | 367.00 | NOTE | |||
r-oldrel-windows-x86_64 | 1.1.1.0 | 37.00 | 715.00 | 752.00 | NOTE |
Version: 1.1.1.0
Check: package dependencies
Result: NOTE
Package suggested but not available for checking: ‘cmdstanr’
Flavors: r-patched-linux-x86_64, r-release-linux-x86_64, r-release-macos-arm64, r-release-macos-x86_64, r-release-windows-x86_64, r-oldrel-macos-arm64, r-oldrel-macos-x86_64, r-oldrel-windows-x86_64