CRAN Package Check Results for Package pdfCluster

Last updated on 2025-04-30 04:50:14 CEST.

Flavor Version Tinstall Tcheck Ttotal Status Flags
r-devel-linux-x86_64-debian-clang 1.0-4 7.37 50.92 58.29 NOTE
r-devel-linux-x86_64-debian-gcc 1.0-4 5.22 37.19 42.41 NOTE
r-devel-linux-x86_64-fedora-clang 1.0-4 92.64 OK
r-devel-linux-x86_64-fedora-gcc 1.0-4 88.86 OK
r-devel-windows-x86_64 1.0-4 11.00 81.00 92.00 OK
r-patched-linux-x86_64 1.0-4 7.70 48.98 56.68 OK
r-release-linux-x86_64 1.0-4 6.67 48.50 55.17 OK
r-release-macos-arm64 1.0-4 32.00 OK
r-release-macos-x86_64 1.0-4 57.00 OK
r-release-windows-x86_64 1.0-4 11.00 77.00 88.00 OK
r-oldrel-macos-arm64 1.0-4 28.00 OK
r-oldrel-macos-x86_64 1.0-4 42.00 OK
r-oldrel-windows-x86_64 1.0-4 12.00 80.00 92.00 OK

Check Details

Version: 1.0-4
Check: CRAN incoming feasibility
Result: NOTE Maintainer: ‘Menardi Giovanna <menardi@stat.unipd.it>’ Package CITATION file contains call(s) to old-style personList() or as.personList(). Please use c() on person objects instead. Package CITATION file contains call(s) to old-style citEntry(). Please use bibentry() instead. Flavors: r-devel-linux-x86_64-debian-clang, r-devel-linux-x86_64-debian-gcc