Last updated on 2025-04-30 04:50:14 CEST.
Flavor | Version | Tinstall | Tcheck | Ttotal | Status | Flags |
---|---|---|---|---|---|---|
r-devel-linux-x86_64-debian-clang | 0.4.2 | 5.15 | 109.50 | 114.65 | NOTE | |
r-devel-linux-x86_64-debian-gcc | 0.4.2 | 3.11 | 76.57 | 79.68 | NOTE | |
r-devel-linux-x86_64-fedora-clang | 0.4.2 | 183.09 | OK | |||
r-devel-linux-x86_64-fedora-gcc | 0.4.2 | 185.81 | OK | |||
r-devel-windows-x86_64 | 0.4.2 | 7.00 | 123.00 | 130.00 | OK | |
r-patched-linux-x86_64 | 0.4.2 | 4.90 | 102.59 | 107.49 | OK | |
r-release-linux-x86_64 | 0.4.2 | 4.15 | 102.07 | 106.22 | OK | |
r-release-macos-arm64 | 0.4.2 | 70.00 | OK | |||
r-release-macos-x86_64 | 0.4.2 | 118.00 | OK | |||
r-release-windows-x86_64 | 0.4.2 | 7.00 | 118.00 | 125.00 | OK | |
r-oldrel-macos-arm64 | 0.4.2 | 54.00 | NOTE | |||
r-oldrel-macos-x86_64 | 0.4.2 | 154.00 | NOTE | |||
r-oldrel-windows-x86_64 | 0.4.2 | 9.00 | 147.00 | 156.00 | NOTE |
Version: 0.4.2
Check: examples
Result: NOTE
Examples with CPU (user + system) or elapsed time > 5s
user system elapsed
calcDIs 6.341 0.075 7.596
rf 6.325 0.028 7.392
mds 6.281 0.020 7.512
descriptorContributions 6.226 0.018 7.508
siteAdjustment 4.713 0.000 5.587
makeAnalysisTable 4.675 0.031 5.675
siteAdjustmentFactors 4.650 0.027 5.354
preparePhenotypeData 4.401 0.004 5.768
Flavor: r-devel-linux-x86_64-debian-clang
Version: 0.4.2
Check: examples
Result: NOTE
Examples with CPU (user + system) or elapsed time > 5s
user system elapsed
calcDIs 4.423 0.190 6.362
descriptorContributions 4.159 0.044 6.272
mds 4.123 0.058 5.192
rf 3.999 0.012 5.458
Flavor: r-devel-linux-x86_64-debian-gcc
Version: 0.4.2
Check: LazyData
Result: NOTE
'LazyData' is specified without a 'data' directory
Flavors: r-oldrel-macos-arm64, r-oldrel-macos-x86_64, r-oldrel-windows-x86_64