CRAN Package Check Results for Package peRiodiCS

Last updated on 2025-04-30 04:50:14 CEST.

Flavor Version Tinstall Tcheck Ttotal Status Flags
r-devel-linux-x86_64-debian-clang 0.5.0 6.22 55.92 62.14 OK
r-devel-linux-x86_64-debian-gcc 0.5.0 5.22 41.79 47.01 OK
r-devel-linux-x86_64-fedora-clang 0.5.0 91.46 NOTE
r-devel-linux-x86_64-fedora-gcc 0.5.0 83.62 NOTE
r-devel-windows-x86_64 0.5.0 8.00 76.00 84.00 OK
r-patched-linux-x86_64 0.5.0 5.50 54.14 59.64 OK
r-release-linux-x86_64 0.5.0 6.82 53.94 60.76 OK
r-release-macos-arm64 0.5.0 29.00 OK
r-release-macos-x86_64 0.5.0 58.00 OK
r-release-windows-x86_64 0.5.0 8.00 70.00 78.00 OK
r-oldrel-macos-arm64 0.5.0 30.00 OK
r-oldrel-macos-x86_64 0.5.0 45.00 OK
r-oldrel-windows-x86_64 0.5.0 10.00 85.00 95.00 OK

Check Details

Version: 0.5.0
Check: dependencies in R code
Result: NOTE Namespace in Imports field not imported from: ‘rms’ All declared Imports should be used. Flavors: r-devel-linux-x86_64-fedora-clang, r-devel-linux-x86_64-fedora-gcc