Last updated on 2025-04-30 04:50:14 CEST.
Flavor | Version | Tinstall | Tcheck | Ttotal | Status | Flags |
---|---|---|---|---|---|---|
r-devel-linux-x86_64-debian-clang | 2.0.2 | 83.10 | 214.64 | 297.74 | NOTE | |
r-devel-linux-x86_64-debian-gcc | 2.0.2 | 86.12 | 120.68 | 206.80 | OK | |
r-devel-linux-x86_64-fedora-clang | 2.0.2 | 512.94 | OK | |||
r-devel-linux-x86_64-fedora-gcc | 2.0.2 | 574.90 | OK | |||
r-devel-windows-x86_64 | 2.0.2 | 129.00 | 211.00 | 340.00 | OK | |
r-patched-linux-x86_64 | 2.0.2 | 133.82 | 182.24 | 316.06 | OK | |
r-release-linux-x86_64 | 2.0.2 | 138.57 | 183.09 | 321.66 | OK | |
r-release-macos-arm64 | 2.0.2 | 141.00 | OK | |||
r-release-macos-x86_64 | 2.0.2 | 249.00 | OK | |||
r-release-windows-x86_64 | 2.0.2 | 132.00 | 202.00 | 334.00 | OK | |
r-oldrel-macos-arm64 | 2.0.2 | 166.00 | NOTE | |||
r-oldrel-macos-x86_64 | 2.0.2 | 297.00 | NOTE | |||
r-oldrel-windows-x86_64 | 2.0.2 | 305.00 | 304.00 | 609.00 | OK |
Version: 2.0.2
Check: examples
Result: NOTE
Examples with CPU (user + system) or elapsed time > 5s
user system elapsed
bp_chart 4.584 0.063 6.039
gs_chart 3.814 0.011 5.418
Flavor: r-devel-linux-x86_64-debian-clang
Version: 2.0.2
Check: installed package size
Result: NOTE
installed size is 5.7Mb
sub-directories of 1Mb or more:
libs 3.9Mb
Flavors: r-oldrel-macos-arm64, r-oldrel-macos-x86_64