Last updated on 2025-04-30 04:50:14 CEST.
Flavor | Version | Tinstall | Tcheck | Ttotal | Status | Flags |
---|---|---|---|---|---|---|
r-devel-linux-x86_64-debian-clang | 0.1.4 | 1113.19 | 273.11 | 1386.30 | OK | |
r-devel-linux-x86_64-debian-gcc | 0.1.4 | 1134.67 | 279.80 | 1414.47 | OK | |
r-devel-linux-x86_64-fedora-clang | 0.1.4 | 2204.34 | OK | |||
r-devel-linux-x86_64-fedora-gcc | 0.1.4 | 3180.70 | OK | |||
r-devel-windows-x86_64 | 0.1.4 | 1275.00 | 387.00 | 1662.00 | OK | |
r-patched-linux-x86_64 | 0.1.4 | 1416.21 | 389.97 | 1806.18 | OK | |
r-release-linux-x86_64 | 0.1.4 | 1364.31 | 393.63 | 1757.94 | OK | |
r-release-macos-arm64 | 0.1.4 | 574.00 | OK | |||
r-release-macos-x86_64 | 0.1.4 | 380.00 | OK | |||
r-release-windows-x86_64 | 0.1.4 | 1292.00 | 376.00 | 1668.00 | OK | |
r-oldrel-macos-arm64 | 0.1.4 | 377.00 | NOTE | |||
r-oldrel-macos-x86_64 | 0.1.4 | 412.00 | NOTE | |||
r-oldrel-windows-x86_64 | 0.1.4 | 1408.00 | 465.00 | 1873.00 | NOTE |
Version: 0.1.4
Check: installed package size
Result: NOTE
installed size is 152.2Mb
sub-directories of 1Mb or more:
libs 150.6Mb
Flavors: r-oldrel-macos-arm64, r-oldrel-macos-x86_64, r-oldrel-windows-x86_64
Version: 0.1.4
Check: for GNU extensions in Makefiles
Result: NOTE
GNU make is a SystemRequirements.
Flavors: r-oldrel-macos-arm64, r-oldrel-macos-x86_64, r-oldrel-windows-x86_64