Last updated on 2025-04-30 04:50:14 CEST.
Flavor | Version | Tinstall | Tcheck | Ttotal | Status | Flags |
---|---|---|---|---|---|---|
r-devel-linux-x86_64-debian-clang | 0.1.1 | 16.52 | 38.96 | 55.48 | NOTE | |
r-devel-linux-x86_64-debian-gcc | 0.1.1 | 12.66 | 29.41 | 42.07 | OK | |
r-devel-linux-x86_64-fedora-clang | 0.1.1 | 97.48 | OK | |||
r-devel-linux-x86_64-fedora-gcc | 0.1.1 | 90.54 | OK | |||
r-devel-windows-x86_64 | 0.1.1 | 19.00 | 77.00 | 96.00 | OK | |
r-patched-linux-x86_64 | 0.1.1 | 14.19 | 36.92 | 51.11 | OK | |
r-release-linux-x86_64 | 0.1.1 | 17.15 | 36.90 | 54.05 | OK | |
r-release-macos-arm64 | 0.1.1 | 31.00 | OK | |||
r-release-macos-x86_64 | 0.1.1 | 53.00 | OK | |||
r-release-windows-x86_64 | 0.1.1 | 19.00 | 77.00 | 96.00 | OK | |
r-oldrel-macos-arm64 | 0.1.1 | 33.00 | OK | |||
r-oldrel-macos-x86_64 | 0.1.1 | 60.00 | OK | |||
r-oldrel-windows-x86_64 | 0.1.1 | 22.00 | 89.00 | 111.00 | OK |
Version: 0.1.1
Check: examples
Result: NOTE
Examples with CPU (user + system) or elapsed time > 5s
user system elapsed
cv.pemultinom 6.403 0.303 6.257
Flavor: r-devel-linux-x86_64-debian-clang