CRAN Package Check Results for Package penAFT

Last updated on 2025-04-30 04:50:14 CEST.

Flavor Version Tinstall Tcheck Ttotal Status Flags
r-devel-linux-x86_64-debian-clang 0.3.0 38.86 89.04 127.90 NOTE
r-devel-linux-x86_64-debian-gcc 0.3.0 28.44 66.33 94.77 NOTE
r-devel-linux-x86_64-fedora-clang 0.3.0 219.03 OK
r-devel-linux-x86_64-fedora-gcc 0.3.0 212.32 OK
r-devel-windows-x86_64 0.3.0 47.00 126.00 173.00 OK
r-patched-linux-x86_64 0.3.0 39.71 88.76 128.47 OK
r-release-linux-x86_64 0.3.0 41.26 88.38 129.64 OK
r-release-macos-arm64 0.3.0 55.00 OK
r-release-macos-x86_64 0.3.0 92.00 OK
r-release-windows-x86_64 0.3.0 48.00 115.00 163.00 OK
r-oldrel-macos-arm64 0.3.0 52.00 OK
r-oldrel-macos-x86_64 0.3.0 76.00 OK
r-oldrel-windows-x86_64 0.3.0 51.00 147.00 198.00 OK

Check Details

Version: 0.3.0
Check: CRAN incoming feasibility
Result: NOTE Maintainer: ‘Aaron J. Molstad <amolstad@ufl.edu>’ The URL field contains the following bad parts: ajmolstad.github.io/research The URL field should be a list of URLs separated by commas or whitespace. Flavors: r-devel-linux-x86_64-debian-clang, r-devel-linux-x86_64-debian-gcc

Version: 0.3.0
Check: examples
Result: NOTE Examples with CPU (user + system) or elapsed time > 5s user system elapsed penAFT.coef 3.951 0.015 5.792 Flavor: r-devel-linux-x86_64-debian-clang