Last updated on 2025-04-30 04:50:14 CEST.
Flavor | Version | Tinstall | Tcheck | Ttotal | Status | Flags |
---|---|---|---|---|---|---|
r-devel-linux-x86_64-debian-clang | 1.0.2 | 102.73 | 74.90 | 177.63 | NOTE | |
r-devel-linux-x86_64-debian-gcc | 1.0.2 | 70.56 | 58.71 | 129.27 | NOTE | |
r-devel-linux-x86_64-fedora-clang | 1.0.2 | 330.95 | NOTE | |||
r-devel-linux-x86_64-fedora-gcc | 1.0.2 | 315.85 | NOTE | |||
r-devel-windows-x86_64 | 1.0.2 | 123.00 | 105.00 | 228.00 | NOTE | |
r-patched-linux-x86_64 | 1.0.2 | 104.15 | 69.38 | 173.53 | NOTE | |
r-release-linux-x86_64 | 1.0.2 | 103.39 | 71.60 | 174.99 | NOTE | |
r-release-macos-arm64 | 1.0.2 | 75.00 | NOTE | |||
r-release-macos-x86_64 | 1.0.2 | 117.00 | NOTE | |||
r-release-windows-x86_64 | 1.0.2 | 122.00 | 105.00 | 227.00 | NOTE | |
r-oldrel-macos-arm64 | 1.0.2 | 76.00 | NOTE | |||
r-oldrel-macos-x86_64 | 1.0.2 | 85.00 | NOTE | |||
r-oldrel-windows-x86_64 | 1.0.2 | 136.00 | 123.00 | 259.00 | NOTE |
Version: 1.0.2
Check: C++ specification
Result: NOTE
Specified C++11: please drop specification unless essential
Flavors: r-devel-linux-x86_64-debian-clang, r-devel-linux-x86_64-debian-gcc, r-devel-linux-x86_64-fedora-clang, r-devel-linux-x86_64-fedora-gcc, r-devel-windows-x86_64, r-patched-linux-x86_64, r-release-linux-x86_64, r-release-macos-arm64, r-release-macos-x86_64, r-release-windows-x86_64, r-oldrel-macos-arm64, r-oldrel-macos-x86_64, r-oldrel-windows-x86_64
Version: 1.0.2
Check: examples
Result: NOTE
Examples with CPU (user + system) or elapsed time > 5s
user system elapsed
summary.PHcure 5.497 0.004 3.191
Flavor: r-devel-linux-x86_64-debian-gcc
Version: 1.0.2
Check: installed package size
Result: NOTE
installed size is 5.9Mb
sub-directories of 1Mb or more:
libs 5.7Mb
Flavors: r-oldrel-macos-arm64, r-oldrel-macos-x86_64