CRAN Package Check Results for Package penalized

Last updated on 2025-04-30 04:50:14 CEST.

Flavor Version Tinstall Tcheck Ttotal Status Flags
r-devel-linux-x86_64-debian-clang 0.9-52 59.54 100.74 160.28 NOTE
r-devel-linux-x86_64-debian-gcc 0.9-52 45.29 72.94 118.23 NOTE
r-devel-linux-x86_64-fedora-clang 0.9-52 299.00 NOTE
r-devel-linux-x86_64-fedora-gcc 0.9-52 296.44 NOTE
r-devel-windows-x86_64 0.9-52 68.00 144.00 212.00 NOTE
r-patched-linux-x86_64 0.9-52 68.13 96.69 164.82 NOTE
r-release-linux-x86_64 0.9-52 66.61 94.72 161.33 NOTE
r-release-macos-arm64 0.9-52 89.00 NOTE
r-release-macos-x86_64 0.9-52 149.00 NOTE
r-release-windows-x86_64 0.9-52 68.00 147.00 215.00 NOTE
r-oldrel-macos-arm64 0.9-52 80.00 NOTE
r-oldrel-macos-x86_64 0.9-52 138.00 NOTE
r-oldrel-windows-x86_64 0.9-52 79.00 173.00 252.00 NOTE

Check Details

Version: 0.9-52
Check: CRAN incoming feasibility
Result: NOTE Maintainer: ‘Jelle Goeman <j.j.goeman@lumc.nl>’ No Authors@R field in DESCRIPTION. Please add one, modifying Authors@R: c(person(given = "Jelle", family = "Goeman", role = c("aut", "cre"), email = "j.j.goeman@lumc.nl"), person(given = "Rosa", family = "Meijer", role = "aut"), person(given = "Nimisha", family = "Chaturvedi", role = "aut"), person(given = "Matthew", family = "Lueder", role = "aut")) as necessary. Package CITATION file contains call(s) to old-style personList() or as.personList(). Please use c() on person objects instead. Package CITATION file contains call(s) to old-style citEntry(). Please use bibentry() instead. Flavors: r-devel-linux-x86_64-debian-clang, r-devel-linux-x86_64-debian-gcc

Version: 0.9-52
Check: C++ specification
Result: NOTE Specified C++11: please drop specification unless essential Flavors: r-devel-linux-x86_64-debian-clang, r-devel-linux-x86_64-debian-gcc, r-devel-linux-x86_64-fedora-clang, r-devel-linux-x86_64-fedora-gcc, r-devel-windows-x86_64, r-patched-linux-x86_64, r-release-linux-x86_64, r-release-macos-arm64, r-release-macos-x86_64, r-release-windows-x86_64, r-oldrel-macos-arm64, r-oldrel-macos-x86_64, r-oldrel-windows-x86_64

Version: 0.9-52
Check: Rd files
Result: NOTE checkRd: (-1) breslow.Rd:27: Escaped LaTeX specials: \# \# Flavors: r-devel-linux-x86_64-debian-clang, r-devel-linux-x86_64-debian-gcc, r-devel-linux-x86_64-fedora-clang, r-devel-linux-x86_64-fedora-gcc, r-devel-windows-x86_64, r-patched-linux-x86_64, r-release-linux-x86_64, r-release-macos-arm64, r-release-macos-x86_64, r-release-windows-x86_64, r-oldrel-macos-arm64, r-oldrel-macos-x86_64, r-oldrel-windows-x86_64

Version: 0.9-52
Check: installed package size
Result: NOTE installed size is 6.0Mb sub-directories of 1Mb or more: libs 5.1Mb Flavors: r-oldrel-macos-arm64, r-oldrel-macos-x86_64