Last updated on 2025-04-30 04:50:14 CEST.
Flavor | Version | Tinstall | Tcheck | Ttotal | Status | Flags |
---|---|---|---|---|---|---|
r-devel-linux-x86_64-debian-clang | 0.1.0 | 1.88 | 19.12 | 21.00 | NOTE | |
r-devel-linux-x86_64-debian-gcc | 0.1.0 | 1.38 | 15.70 | 17.08 | NOTE | |
r-devel-linux-x86_64-fedora-clang | 0.1.0 | 32.43 | OK | |||
r-devel-linux-x86_64-fedora-gcc | 0.1.0 | 31.94 | OK | |||
r-devel-windows-x86_64 | 0.1.0 | 3.00 | 43.00 | 46.00 | OK | |
r-patched-linux-x86_64 | 0.1.0 | 2.07 | 18.73 | 20.80 | OK | |
r-release-linux-x86_64 | 0.1.0 | 1.84 | 18.67 | 20.51 | OK | |
r-release-macos-arm64 | 0.1.0 | 15.00 | OK | |||
r-release-macos-x86_64 | 0.1.0 | 23.00 | OK | |||
r-release-windows-x86_64 | 0.1.0 | 2.00 | 42.00 | 44.00 | OK | |
r-oldrel-macos-arm64 | 0.1.0 | 15.00 | OK | |||
r-oldrel-macos-x86_64 | 0.1.0 | 20.00 | OK | |||
r-oldrel-windows-x86_64 | 0.1.0 | 3.00 | 42.00 | 45.00 | OK |
Version: 0.1.0
Check: CRAN incoming feasibility
Result: NOTE
Maintainer: ‘Daniele Cuntrera <daniele.cuntrera@unipa.it>’
The Description field contains
Muggeo, V. M. (2022) <arXiv:2212.08582>.
Please refer to arXiv e-prints via their arXiv DOI <doi:10.48550/arXiv.YYMM.NNNNN>.
Flavors: r-devel-linux-x86_64-debian-clang, r-devel-linux-x86_64-debian-gcc