Last updated on 2025-04-30 04:50:14 CEST.
Flavor | Version | Tinstall | Tcheck | Ttotal | Status | Flags |
---|---|---|---|---|---|---|
r-devel-linux-x86_64-debian-clang | 2.2.4 | 14.04 | 102.37 | 116.41 | NOTE | |
r-devel-linux-x86_64-debian-gcc | 2.2.4 | 8.05 | 74.64 | 82.69 | NOTE | |
r-devel-linux-x86_64-fedora-clang | 2.2.4 | 194.89 | OK | |||
r-devel-linux-x86_64-fedora-gcc | 2.2.4 | 201.94 | OK | |||
r-devel-windows-x86_64 | 2.2.4 | 14.00 | 152.00 | 166.00 | OK | |
r-patched-linux-x86_64 | 2.2.4 | 13.56 | 97.46 | 111.02 | OK | |
r-release-linux-x86_64 | 2.2.4 | 12.69 | 98.14 | 110.83 | OK | |
r-release-macos-arm64 | 2.2.4 | 86.00 | OK | |||
r-release-macos-x86_64 | 2.2.4 | 127.00 | OK | |||
r-release-windows-x86_64 | 2.2.4 | 14.00 | 157.00 | 171.00 | OK | |
r-oldrel-macos-arm64 | 2.2.4 | 73.00 | OK | |||
r-oldrel-macos-x86_64 | 2.2.4 | 118.00 | OK | |||
r-oldrel-windows-x86_64 | 2.2.4 | 18.00 | 184.00 | 202.00 | OK |
Version: 2.2.4
Check: examples
Result: NOTE
Examples with CPU (user + system) or elapsed time > 5s
user system elapsed
survpred_prclmm 0.566 0.005 10.520
survplot_prc 0.433 0.020 10.206
fit_prclmm 0.402 0.004 10.003
performance_pencox 0.189 0.036 5.229
fit_lmms 0.147 0.010 5.177
summarize_lmms 0.152 0.005 9.439
Flavor: r-devel-linux-x86_64-debian-clang
Version: 2.2.4
Check: examples
Result: NOTE
Examples with CPU (user + system) or elapsed time > 5s
user system elapsed
survplot_prc 0.295 0.167 6.785
survpred_prclmm 0.300 0.024 6.374
fit_prclmm 0.307 0.003 7.082
summarize_lmms 0.111 0.089 6.122
Flavor: r-devel-linux-x86_64-debian-gcc