Last updated on 2025-04-30 04:50:14 CEST.
Flavor | Version | Tinstall | Tcheck | Ttotal | Status | Flags |
---|---|---|---|---|---|---|
r-devel-linux-x86_64-debian-clang | 0.1.1 | 9.20 | 103.35 | 112.55 | NOTE | |
r-devel-linux-x86_64-debian-gcc | 0.1.1 | 6.19 | 70.15 | 76.34 | NOTE | |
r-devel-linux-x86_64-fedora-clang | 0.1.1 | 176.51 | OK | |||
r-devel-linux-x86_64-fedora-gcc | 0.1.1 | 181.90 | OK | |||
r-devel-windows-x86_64 | 0.1.1 | 11.00 | 118.00 | 129.00 | OK | |
r-patched-linux-x86_64 | 0.1.1 | 9.73 | 95.01 | 104.74 | OK | |
r-release-linux-x86_64 | 0.1.1 | 8.30 | 95.96 | 104.26 | OK | |
r-release-macos-arm64 | 0.1.1 | 58.00 | OK | |||
r-release-macos-x86_64 | 0.1.1 | 109.00 | OK | |||
r-release-windows-x86_64 | 0.1.1 | 10.00 | 110.00 | 120.00 | OK | |
r-oldrel-macos-arm64 | 0.1.1 | 51.00 | OK | |||
r-oldrel-macos-x86_64 | 0.1.1 | 87.00 | OK | |||
r-oldrel-windows-x86_64 | 0.1.1 | 14.00 | 138.00 | 152.00 | OK |
Version: 0.1.1
Check: CRAN incoming feasibility
Result: NOTE
Maintainer: ‘Elena Geminiani <geminianielena@gmail.com>’
Package CITATION file contains call(s) to old-style citEntry(). Please
use bibentry() instead.
Flavors: r-devel-linux-x86_64-debian-clang, r-devel-linux-x86_64-debian-gcc
Version: 0.1.1
Check: examples
Result: NOTE
Examples with CPU (user + system) or elapsed time > 5s
user system elapsed
coef-penfa-method 6.433 0.604 9.916
penfa 4.872 0.205 5.939
Flavor: r-devel-linux-x86_64-debian-clang
Version: 0.1.1
Check: examples
Result: NOTE
Examples with CPU (user + system) or elapsed time > 5s
user system elapsed
coef-penfa-method 3.959 0.388 5.904
Flavor: r-devel-linux-x86_64-debian-gcc